Last updated on 2024-03-28 12:50:39 CET.
Flavor | Version | Tinstall | Tcheck | Ttotal | Status | Flags |
---|---|---|---|---|---|---|
r-devel-linux-x86_64-debian-clang | 0.6-28 | 3.14 | 31.02 | 34.16 | NOTE | |
r-devel-linux-x86_64-debian-gcc | 0.6-28 | 1.87 | 23.92 | 25.79 | NOTE | |
r-devel-linux-x86_64-fedora-clang | 0.6-28 | 43.15 | NOTE | |||
r-devel-linux-x86_64-fedora-gcc | 0.6-28 | 41.82 | NOTE | |||
r-devel-windows-x86_64 | 0.6-28 | 3.00 | 48.00 | 51.00 | NOTE | |
r-patched-linux-x86_64 | 0.6-28 | 2.80 | 29.50 | 32.30 | NOTE | |
r-release-linux-x86_64 | 0.6-28 | 2.66 | 30.70 | 33.36 | OK | |
r-release-macos-arm64 | 0.6-28 | 19.00 | OK | |||
r-release-macos-x86_64 | 0.6-28 | 39.00 | OK | |||
r-release-windows-x86_64 | 0.6-28 | 4.00 | 51.00 | 55.00 | OK | |
r-oldrel-macos-arm64 | 0.6-28 | 20.00 | OK | |||
r-oldrel-windows-x86_64 | 0.6-28 | 5.00 | 55.00 | 60.00 | OK |
Version: 0.6-28
Check: Rd files
Result: NOTE
checkRd: (-1) sumKeepAttr.Rd:19: Lost braces
19 | (only relevant if code{x} has only one element).}
| ^
Flavors: r-devel-linux-x86_64-debian-clang, r-devel-linux-x86_64-debian-gcc, r-devel-linux-x86_64-fedora-clang, r-devel-linux-x86_64-fedora-gcc, r-devel-windows-x86_64, r-patched-linux-x86_64