Last updated on 2025-05-08 21:51:19 CEST.
Flavor | Version | Tinstall | Tcheck | Ttotal | Status | Flags |
---|---|---|---|---|---|---|
r-devel-linux-x86_64-debian-clang | 1.2-4 | 7.65 | 21.15 | 28.80 | NOTE | |
r-devel-linux-x86_64-debian-gcc | 1.2-4 | 5.51 | 16.88 | 22.39 | NOTE | |
r-devel-linux-x86_64-fedora-clang | 1.2-4 | 43.53 | OK | |||
r-devel-linux-x86_64-fedora-gcc | 1.2-4 | 43.09 | OK | |||
r-devel-windows-x86_64 | 1.2-4 | 15.00 | 46.00 | 61.00 | OK | |
r-patched-linux-x86_64 | 1.2-4 | 6.01 | 20.16 | 26.17 | OK | |
r-release-linux-x86_64 | 1.2-4 | 5.33 | 20.25 | 25.58 | OK | |
r-release-macos-arm64 | 1.2-4 | 23.00 | OK | |||
r-release-macos-x86_64 | 1.2-4 | 42.00 | OK | |||
r-release-windows-x86_64 | 1.2-4 | 19.00 | 48.00 | 67.00 | OK | |
r-oldrel-macos-arm64 | 1.2-4 | 26.00 | OK | |||
r-oldrel-macos-x86_64 | 1.2-4 | 29.00 | OK | |||
r-oldrel-windows-x86_64 | 1.2-4 | 15.00 | 50.00 | 65.00 | OK |
Version: 1.2-4
Check: CRAN incoming feasibility
Result: NOTE
Maintainer: ‘Katharine M. Mullen <mullenkate@gmail.com>’
No Authors@R field in DESCRIPTION.
Please add one, modifying
Authors@R: c(person(given = c("Timur", "V."),
family = "Elzhov",
role = "aut"),
person(given = c("Katharine", "M."),
family = "Mullen",
role = c("aut", "cre"),
email = "mullenkate@gmail.com"),
person(given = "Andrej-Nikolai",
family = "Spiess",
role = "aut"),
person(given = "Ben",
family = "Bolker",
role = "aut"))
as necessary.
Flavors: r-devel-linux-x86_64-debian-clang, r-devel-linux-x86_64-debian-gcc