Last updated on 2025-05-21 06:49:40 CEST.
Flavor | Version | Tinstall | Tcheck | Ttotal | Status | Flags |
---|---|---|---|---|---|---|
r-devel-linux-x86_64-debian-clang | 1.1.1 | 1.60 | 16.54 | 18.14 | NOTE | |
r-devel-linux-x86_64-debian-gcc | 1.1.1 | 1.36 | 14.43 | 15.79 | NOTE | |
r-devel-linux-x86_64-fedora-clang | 1.1.1 | 28.76 | OK | |||
r-devel-linux-x86_64-fedora-gcc | 1.1.1 | 28.97 | OK | |||
r-devel-windows-x86_64 | 1.1.1 | 3.00 | 46.00 | 49.00 | OK | |
r-patched-linux-x86_64 | 1.1.1 | 1.63 | 16.07 | 17.70 | OK | |
r-release-linux-x86_64 | 1.1.1 | 1.35 | 16.20 | 17.55 | OK | |
r-release-macos-arm64 | 1.1.1 | 16.00 | OK | |||
r-release-macos-x86_64 | 1.1.1 | 26.00 | OK | |||
r-release-windows-x86_64 | 1.1.1 | 2.00 | 41.00 | 43.00 | OK | |
r-oldrel-macos-arm64 | 1.1.1 | 15.00 | OK | |||
r-oldrel-macos-x86_64 | 1.1.1 | 19.00 | OK | |||
r-oldrel-windows-x86_64 | 1.1.1 | 3.00 | 37.00 | 40.00 | OK |
Version: 1.1.1
Check: CRAN incoming feasibility
Result: NOTE
Maintainer: ‘Bill Venables <Bill.Venables@gmail.com>’
No Authors@R field in DESCRIPTION.
Please add one, modifying
Authors@R: person(given = "Bill",
family = "Venables",
role = c("aut", "cre"),
email = "bill.venables@gmail.com")
as necessary.
Flavors: r-devel-linux-x86_64-debian-clang, r-devel-linux-x86_64-debian-gcc