CRAN Package Check Results for Package miniUI

Last updated on 2021-09-22 03:49:13 CEST.

Flavor Version Tinstall Tcheck Ttotal Status Flags
r-devel-linux-x86_64-debian-clang 0.1.1.1 2.88 33.14 36.02 NOTE
r-devel-linux-x86_64-debian-gcc 0.1.1.1 2.55 26.26 28.81 NOTE
r-devel-linux-x86_64-fedora-clang 0.1.1.1 52.83 NOTE
r-devel-linux-x86_64-fedora-gcc 0.1.1.1 41.94 NOTE
r-devel-windows-x86_64 0.1.1.1 5.00 41.00 46.00 NOTE
r-devel-windows-x86_64-gcc10-UCRT 0.1.1.1 ERROR
r-patched-linux-x86_64 0.1.1.1 8.56 31.93 40.49 NOTE
r-patched-solaris-x86 0.1.1.1 66.80 NOTE
r-release-linux-x86_64 0.1.1.1 3.29 32.40 35.69 NOTE
r-release-macos-arm64 0.1.1.1 NOTE
r-release-macos-x86_64 0.1.1.1 NOTE
r-release-windows-ix86+x86_64 0.1.1.1 9.00 40.00 49.00 NOTE
r-oldrel-macos-x86_64 0.1.1.1 OK
r-oldrel-windows-ix86+x86_64 0.1.1.1 15.00 41.00 56.00 OK

Check Details

Version: 0.1.1.1
Check: LazyData
Result: NOTE
     'LazyData' is specified without a 'data' directory
Flavors: r-devel-linux-x86_64-debian-clang, r-devel-linux-x86_64-debian-gcc, r-devel-linux-x86_64-fedora-clang, r-devel-linux-x86_64-fedora-gcc, r-devel-windows-x86_64, r-devel-windows-x86_64-gcc10-UCRT, r-patched-linux-x86_64, r-patched-solaris-x86, r-release-linux-x86_64, r-release-macos-arm64, r-release-macos-x86_64, r-release-windows-ix86+x86_64

Version: 0.1.1.1
Check: whether package can be installed
Result: WARN
    Found the following significant warnings:
     WARNING: installation-time patches will not be applied, could not get the patches index
Flavor: r-devel-windows-x86_64-gcc10-UCRT

Version: 0.1.1.1
Check: PDF version of manual
Result: WARN
    LaTeX errors when creating PDF version.
    This typically indicates Rd problems.
Flavor: r-devel-windows-x86_64-gcc10-UCRT

Version: 0.1.1.1
Check: PDF version of manual without hyperrefs or index
Result: ERROR
    Re-running with no redirection of stdout/stderr.
Flavor: r-devel-windows-x86_64-gcc10-UCRT