CRAN Package Check Results for Package miniMeta

Last updated on 2022-09-28 12:55:22 CEST.

Flavor Version Tinstall Tcheck Ttotal Status Flags
r-devel-linux-x86_64-debian-clang 0.2 12.35 112.68 125.03 OK
r-devel-linux-x86_64-debian-gcc 0.2 11.59 86.61 98.20 OK
r-devel-linux-x86_64-fedora-clang 0.2 176.32 NOTE
r-devel-linux-x86_64-fedora-gcc 0.2 159.31 NOTE
r-devel-windows-x86_64 0.2 31.00 151.00 182.00 OK
r-patched-linux-x86_64 0.2 14.28 109.19 123.47 OK
r-release-linux-x86_64 0.2 12.01 108.51 120.52 OK
r-release-macos-arm64 0.2 45.00 NOTE
r-release-macos-x86_64 0.2 79.00 NOTE
r-release-windows-x86_64 0.2 31.00 148.00 179.00 OK
r-oldrel-macos-arm64 0.2 50.00 NOTE
r-oldrel-macos-x86_64 0.2 86.00 NOTE
r-oldrel-windows-ix86+x86_64 0.2 31.00 141.00 172.00 OK

Check Details

Version: 0.2
Check: dependencies in R code
Result: NOTE
    Namespaces in Imports field not imported from:
     ‘markdown’ ‘metafor’
     All declared Imports should be used.
Flavors: r-devel-linux-x86_64-fedora-clang, r-devel-linux-x86_64-fedora-gcc, r-release-macos-arm64, r-release-macos-x86_64, r-oldrel-macos-arm64, r-oldrel-macos-x86_64