Last updated on 2023-04-02 06:50:33 CEST.
Flavor | Version | Tinstall | Tcheck | Ttotal | Status | Flags |
---|---|---|---|---|---|---|
r-devel-linux-x86_64-debian-clang | 0.3.1 | 113.24 | 146.49 | 259.73 | NOTE | |
r-devel-linux-x86_64-debian-gcc | 0.3.1 | 85.39 | 108.38 | 193.77 | NOTE | |
r-devel-linux-x86_64-fedora-clang | 0.3.1 | 360.59 | NOTE | |||
r-devel-linux-x86_64-fedora-gcc | 0.3.1 | 334.17 | NOTE | |||
r-devel-windows-x86_64 | 0.3.1 | 122.00 | 203.00 | 325.00 | NOTE | |
r-patched-linux-x86_64 | 0.3.1 | 88.58 | 137.27 | 225.85 | NOTE | |
r-release-linux-x86_64 | 0.3.1 | 92.66 | 138.17 | 230.83 | NOTE | |
r-release-macos-arm64 | 0.3.1 | 105.00 | NOTE | |||
r-release-macos-x86_64 | 0.3.1 | 150.00 | NOTE | |||
r-release-windows-x86_64 | 0.3.1 | 89.00 | 216.00 | 305.00 | NOTE | |
r-oldrel-macos-arm64 | 0.3.1 | 103.00 | NOTE | |||
r-oldrel-macos-x86_64 | 0.3.1 | 142.00 | NOTE | |||
r-oldrel-windows-ix86+x86_64 | 0.3.1 | 255.00 | 231.00 | 486.00 | NOTE |
Version: 0.3.1
Check: C++ specification
Result: NOTE
Specified C++11: please drop specification unless essential
Flavors: r-devel-linux-x86_64-debian-clang, r-devel-linux-x86_64-debian-gcc, r-devel-linux-x86_64-fedora-clang, r-devel-linux-x86_64-fedora-gcc, r-devel-windows-x86_64, r-patched-linux-x86_64
Version: 0.3.1
Check: LazyData
Result: NOTE
'LazyData' is specified without a 'data' directory
Flavors: r-devel-linux-x86_64-debian-clang, r-devel-linux-x86_64-debian-gcc, r-devel-linux-x86_64-fedora-clang, r-devel-linux-x86_64-fedora-gcc, r-devel-windows-x86_64, r-patched-linux-x86_64, r-release-linux-x86_64, r-release-macos-arm64, r-release-macos-x86_64, r-release-windows-x86_64, r-oldrel-macos-arm64, r-oldrel-macos-x86_64, r-oldrel-windows-ix86+x86_64