Last updated on 2024-04-23 12:49:33 CEST.
Flavor | Version | Tinstall | Tcheck | Ttotal | Status | Flags |
---|---|---|---|---|---|---|
r-devel-linux-x86_64-debian-clang | 0.4.0 | 9.96 | 170.07 | 180.03 | NOTE | |
r-devel-linux-x86_64-debian-gcc | 0.4.0 | 6.95 | 123.77 | 130.72 | NOTE | |
r-devel-linux-x86_64-fedora-clang | 0.4.0 | 227.32 | NOTE | |||
r-devel-linux-x86_64-fedora-gcc | 0.4.0 | 217.27 | NOTE | |||
r-prerel-macos-arm64 | 0.4.0 | 57.00 | NOTE | |||
r-prerel-windows-x86_64 | 0.4.0 | 10.00 | 133.00 | 143.00 | NOTE | |
r-patched-linux-x86_64 | 0.4.0 | 15.19 | 166.16 | 181.35 | NOTE | |
r-release-linux-x86_64 | 0.4.0 | 5.76 | 170.69 | 176.45 | NOTE | |
r-release-macos-arm64 | 0.4.0 | 57.00 | NOTE | |||
r-release-macos-x86_64 | 0.4.0 | 94.00 | NOTE | |||
r-release-windows-x86_64 | 0.4.0 | 12.00 | 164.00 | 176.00 | NOTE | |
r-oldrel-macos-arm64 | 0.4.0 | 81.00 | NOTE | |||
r-oldrel-windows-x86_64 | 0.4.0 | 11.00 | 167.00 | 178.00 | NOTE |
Version: 0.4.0
Check: package dependencies
Result: NOTE
Package suggested but not available for checking: ‘gurobi’
Flavors: r-devel-linux-x86_64-debian-clang, r-devel-linux-x86_64-debian-gcc, r-devel-linux-x86_64-fedora-clang, r-devel-linux-x86_64-fedora-gcc, r-prerel-macos-arm64, r-prerel-windows-x86_64, r-patched-linux-x86_64, r-release-linux-x86_64, r-release-macos-arm64, r-release-macos-x86_64, r-release-windows-x86_64, r-oldrel-macos-arm64, r-oldrel-windows-x86_64