Last updated on 2023-12-01 12:52:26 CET.
Flavor | Version | Tinstall | Tcheck | Ttotal | Status | Flags |
---|---|---|---|---|---|---|
r-devel-linux-x86_64-debian-clang | 1.4.3 | 142.39 | 78.76 | 221.15 | NOTE | |
r-devel-linux-x86_64-debian-gcc | 1.4.3 | 103.10 | 60.59 | 163.69 | NOTE | |
r-devel-linux-x86_64-fedora-clang | 1.4.3 | 371.14 | NOTE | |||
r-devel-linux-x86_64-fedora-gcc | 1.4.3 | 334.65 | OK | |||
r-devel-windows-x86_64 | 1.4.3 | 120.00 | 98.00 | 218.00 | NOTE | |
r-patched-linux-x86_64 | 1.4.3 | 124.49 | 77.15 | 201.64 | OK | |
r-release-linux-x86_64 | 1.4.3 | 121.68 | 77.10 | 198.78 | OK | |
r-release-macos-arm64 | 1.4.3 | 62.00 | NOTE | |||
r-release-macos-x86_64 | 1.4.3 | 90.00 | NOTE | |||
r-release-windows-x86_64 | 1.4.3 | 152.00 | 111.00 | 263.00 | NOTE | |
r-oldrel-macos-arm64 | 1.4.3 | 70.00 | NOTE | |||
r-oldrel-macos-x86_64 | 1.4.3 | 108.00 | NOTE | |||
r-oldrel-windows-x86_64 | 1.4.3 | 147.00 | 108.00 | 255.00 | NOTE |
Version: 1.4.3
Check: Rd files
Result: NOTE
checkRd: (-1) RNGStream.Rd:29: Lost braces
29 | item{open}{function to use the current seed}
| ^
checkRd: (-1) RNGStream.Rd:29: Lost braces
29 | item{open}{function to use the current seed}
| ^
checkRd: (-1) RNGStream.Rd:30: Lost braces
30 | item{close}{function to make the current seed equal to .Random.seed}
| ^
checkRd: (-1) RNGStream.Rd:30: Lost braces
30 | item{close}{function to make the current seed equal to .Random.seed}
| ^
checkRd: (-1) RNGStream.Rd:31: Lost braces
31 | item{resetStream}{function to move back to start of stream}
| ^
checkRd: (-1) RNGStream.Rd:31: Lost braces
31 | item{resetStream}{function to move back to start of stream}
| ^
checkRd: (-1) RNGStream.Rd:32: Lost braces
32 | item{resetSubStream}{function to move back to start of sub-stream}
| ^
checkRd: (-1) RNGStream.Rd:32: Lost braces
32 | item{resetSubStream}{function to move back to start of sub-stream}
| ^
checkRd: (-1) RNGStream.Rd:33: Lost braces
33 | item{nextSubStream}{function to move to next sub-stream}
| ^
checkRd: (-1) RNGStream.Rd:33: Lost braces
33 | item{nextSubStream}{function to move to next sub-stream}
| ^
checkRd: (-1) RNGStream.Rd:34: Lost braces
34 | item{nextStream}{function to move to next stream}
| ^
checkRd: (-1) RNGStream.Rd:34: Lost braces
34 | item{nextStream}{function to move to next stream}
| ^
Flavors: r-devel-linux-x86_64-debian-clang, r-devel-linux-x86_64-debian-gcc
Version: 1.4.3
Check: installed package size
Result: NOTE
installed size is 9.0Mb
sub-directories of 1Mb or more:
doc 6.2Mb
lib 1.7Mb
Flavors: r-devel-linux-x86_64-fedora-clang, r-devel-windows-x86_64, r-release-macos-arm64, r-release-macos-x86_64, r-release-windows-x86_64, r-oldrel-macos-arm64, r-oldrel-macos-x86_64, r-oldrel-windows-x86_64