CRAN Package Check Results for Package microhaplot

Last updated on 2025-11-25 12:49:54 CET.

Flavor Version Tinstall Tcheck Ttotal Status Flags
r-devel-linux-x86_64-debian-clang 1.0.1 2.08 33.69 35.77 OK
r-devel-linux-x86_64-debian-gcc 1.0.1 1.54 27.05 28.59 OK
r-devel-linux-x86_64-fedora-clang 1.0.1 55.36 NOTE
r-devel-linux-x86_64-fedora-gcc 1.0.1 67.11 NOTE
r-devel-windows-x86_64 1.0.1 6.00 63.00 69.00 OK
r-patched-linux-x86_64 1.0.1 2.16 30.91 33.07 OK
r-release-linux-x86_64 1.0.1 2.04 30.81 32.85 OK
r-release-macos-arm64 1.0.1 OK
r-release-macos-x86_64 1.0.1 2.00 46.00 48.00 OK
r-release-windows-x86_64 1.0.1 4.00 62.00 66.00 OK
r-oldrel-macos-arm64 1.0.1 NOTE
r-oldrel-macos-x86_64 1.0.1 2.00 47.00 49.00 NOTE
r-oldrel-windows-x86_64 1.0.1 5.00 72.00 77.00 NOTE

Check Details

Version: 1.0.1
Check: dependencies in R code
Result: NOTE Namespaces in Imports field not imported from: ‘DT’ ‘ggiraph’ ‘ggplot2’ ‘grid’ ‘gtools’ ‘scales’ ‘shinyBS’ ‘shinyWidgets’ ‘tidyr’ All declared Imports should be used. Flavors: r-devel-linux-x86_64-fedora-clang, r-devel-linux-x86_64-fedora-gcc

Version: 1.0.1
Check: LazyData
Result: NOTE 'LazyData' is specified without a 'data' directory Flavors: r-oldrel-macos-arm64, r-oldrel-macos-x86_64, r-oldrel-windows-x86_64