CRAN Package Check Results for Package microdemic

Last updated on 2021-11-30 12:53:37 CET.

Flavor Version Tinstall Tcheck Ttotal Status Flags
r-devel-linux-x86_64-debian-clang 0.6.0 1.93 22.57 24.50 NOTE
r-devel-linux-x86_64-debian-gcc 0.6.0 1.81 18.18 19.99 NOTE
r-devel-linux-x86_64-fedora-clang 0.6.0 41.61 NOTE
r-devel-linux-x86_64-fedora-gcc 0.6.0 30.29 NOTE
r-devel-windows-x86_64-new-UL 0.6.0 7.00 58.00 65.00 NOTE
r-devel-windows-x86_64-new-TK 0.6.0 NOTE
r-devel-windows-x86_64-old 0.6.0 4.00 28.00 32.00 NOTE
r-patched-linux-x86_64 0.6.0 2.08 21.77 23.85 NOTE
r-patched-solaris-x86 0.6.0 49.00 NOTE
r-release-linux-x86_64 0.6.0 1.85 21.96 23.81 NOTE
r-release-macos-arm64 0.6.0 NOTE
r-release-macos-x86_64 0.6.0 NOTE
r-release-windows-ix86+x86_64 0.6.0 8.00 41.00 49.00 NOTE
r-oldrel-macos-x86_64 0.6.0 OK
r-oldrel-windows-ix86+x86_64 0.6.0 4.00 30.00 34.00 OK

Check Details

Version: 0.6.0
Check: LazyData
Result: NOTE
     'LazyData' is specified without a 'data' directory
Flavors: r-devel-linux-x86_64-debian-clang, r-devel-linux-x86_64-debian-gcc, r-devel-linux-x86_64-fedora-clang, r-devel-linux-x86_64-fedora-gcc, r-devel-windows-x86_64-new-UL, r-devel-windows-x86_64-new-TK, r-devel-windows-x86_64-old, r-patched-linux-x86_64, r-patched-solaris-x86, r-release-linux-x86_64, r-release-macos-arm64, r-release-macos-x86_64, r-release-windows-ix86+x86_64