Last updated on 2024-04-18 12:52:51 CEST.
Flavor | Version | Tinstall | Tcheck | Ttotal | Status | Flags |
---|---|---|---|---|---|---|
r-devel-linux-x86_64-debian-clang | 1.2 | 6.14 | 69.97 | 76.11 | NOTE | |
r-devel-linux-x86_64-debian-gcc | 1.2 | 4.77 | 52.18 | 56.95 | NOTE | |
r-devel-linux-x86_64-fedora-clang | 1.2 | 98.80 | NOTE | |||
r-devel-linux-x86_64-fedora-gcc | 1.2 | 105.25 | NOTE | |||
r-prerel-macos-arm64 | 1.2 | 41.00 | NOTE | |||
r-prerel-windows-x86_64 | 1.2 | 8.00 | 87.00 | 95.00 | NOTE | |
r-patched-linux-x86_64 | 1.2 | 11.34 | 67.06 | 78.40 | NOTE | |
r-release-linux-x86_64 | 1.2 | 3.99 | 66.37 | 70.36 | NOTE | |
r-release-macos-arm64 | 1.2 | 43.00 | NOTE | |||
r-release-macos-x86_64 | 1.2 | 62.00 | NOTE | |||
r-release-windows-x86_64 | 1.2 | 8.00 | 86.00 | 94.00 | NOTE | |
r-oldrel-macos-arm64 | 1.2 | 40.00 | NOTE | |||
r-oldrel-windows-x86_64 | 1.2 | 8.00 | 95.00 | 103.00 | NOTE |
Version: 1.2
Check: package dependencies
Result: NOTE
Package suggested but not available for checking: ‘microcontax.data’
Flavors: r-devel-linux-x86_64-debian-clang, r-devel-linux-x86_64-debian-gcc, r-devel-linux-x86_64-fedora-clang, r-devel-linux-x86_64-fedora-gcc, r-prerel-macos-arm64, r-prerel-windows-x86_64, r-patched-linux-x86_64, r-release-linux-x86_64, r-release-macos-arm64, r-release-macos-x86_64, r-release-windows-x86_64, r-oldrel-macos-arm64, r-oldrel-windows-x86_64
Version: 1.2
Check: Rd cross-references
Result: NOTE
Package unavailable to check Rd xrefs: ‘microcontax.data’
Flavors: r-devel-linux-x86_64-debian-clang, r-devel-linux-x86_64-debian-gcc, r-devel-linux-x86_64-fedora-clang, r-devel-linux-x86_64-fedora-gcc, r-prerel-macos-arm64, r-prerel-windows-x86_64, r-patched-linux-x86_64, r-release-linux-x86_64, r-release-macos-arm64, r-release-macos-x86_64, r-release-windows-x86_64, r-oldrel-macos-arm64, r-oldrel-windows-x86_64