Last updated on 2024-03-29 00:50:53 CET.
Flavor | Version | Tinstall | Tcheck | Ttotal | Status | Flags |
---|---|---|---|---|---|---|
r-devel-linux-x86_64-debian-clang | 1.2 | 83.38 | 73.09 | 156.47 | NOTE | |
r-devel-linux-x86_64-debian-gcc | 1.2 | 59.29 | 55.40 | 114.69 | NOTE | |
r-devel-linux-x86_64-fedora-clang | 1.2 | 232.39 | NOTE | |||
r-devel-linux-x86_64-fedora-gcc | 1.2 | 230.18 | NOTE | |||
r-devel-windows-x86_64 | 1.2 | 69.00 | 98.00 | 167.00 | NOTE | |
r-patched-linux-x86_64 | 1.2 | 62.68 | 72.38 | 135.06 | NOTE | |
r-release-linux-x86_64 | 1.2 | 55.98 | 69.91 | 125.89 | NOTE | |
r-release-macos-arm64 | 1.2 | 70.00 | NOTE | |||
r-release-macos-x86_64 | 1.2 | 105.00 | NOTE | |||
r-release-windows-x86_64 | 1.2 | 83.00 | 109.00 | 192.00 | NOTE | |
r-oldrel-macos-arm64 | 1.2 | 58.00 | NOTE | |||
r-oldrel-windows-x86_64 | 1.2 | 83.00 | 112.00 | 195.00 | NOTE |
Version: 1.2
Check: C++ specification
Result: NOTE
Specified C++11: please drop specification unless essential
Flavors: r-devel-linux-x86_64-debian-clang, r-devel-linux-x86_64-debian-gcc, r-devel-linux-x86_64-fedora-clang, r-devel-linux-x86_64-fedora-gcc, r-devel-windows-x86_64, r-patched-linux-x86_64, r-release-linux-x86_64, r-release-macos-arm64, r-release-macos-x86_64, r-release-windows-x86_64
Version: 1.2
Check: for GNU extensions in Makefiles
Result: NOTE
GNU make is a SystemRequirements.
Flavors: r-devel-linux-x86_64-debian-clang, r-devel-linux-x86_64-debian-gcc, r-devel-linux-x86_64-fedora-clang, r-devel-linux-x86_64-fedora-gcc, r-devel-windows-x86_64, r-patched-linux-x86_64, r-release-linux-x86_64, r-release-macos-arm64, r-release-macos-x86_64, r-release-windows-x86_64, r-oldrel-macos-arm64, r-oldrel-windows-x86_64
Version: 1.2
Check: dependencies in R code
Result: NOTE
Namespace in Imports field not imported from: ‘tibble’
All declared Imports should be used.
Flavors: r-devel-linux-x86_64-fedora-clang, r-devel-linux-x86_64-fedora-gcc, r-oldrel-macos-arm64