CRAN Package Check Results for Package microbenchmark

Last updated on 2020-07-13 21:48:55 CEST.

Flavor Version Tinstall Tcheck Ttotal Status Flags
r-devel-linux-x86_64-debian-clang 1.4-7 6.21 39.79 46.00 OK
r-devel-linux-x86_64-debian-gcc 1.4-7 3.93 31.24 35.17 OK
r-devel-linux-x86_64-fedora-clang 1.4-7 59.98 OK
r-devel-linux-x86_64-fedora-gcc 1.4-7 52.18 OK
r-devel-windows-ix86+x86_64 1.4-7 18.00 122.00 140.00 OK
r-patched-linux-x86_64 1.4-7 4.62 39.54 44.16 OK
r-patched-solaris-x86 1.4-7 74.50 OK
r-release-linux-x86_64 1.4-7 4.61 39.33 43.94 OK
r-release-macos-x86_64 1.4-7 ERROR
r-release-windows-ix86+x86_64 1.4-7 16.00 95.00 111.00 OK
r-oldrel-macos-x86_64 1.4-7 OK
r-oldrel-windows-ix86+x86_64 1.4-7 12.00 91.00 103.00 OK

Check Details

Version: 1.4-7
Check: whether package can be installed
Result: ERROR
    Installation failed.
Flavor: r-release-macos-x86_64