Last updated on 2024-04-23 21:54:50 CEST.
Flavor | Version | Tinstall | Tcheck | Ttotal | Status | Flags |
---|---|---|---|---|---|---|
r-devel-linux-x86_64-debian-clang | 1.6 | 9.17 | 1186.01 | 1195.18 | OK | |
r-devel-linux-x86_64-debian-gcc | 1.6 | 6.97 | 776.27 | 783.24 | OK | |
r-devel-linux-x86_64-fedora-clang | 1.6 | 1371.17 | NOTE | |||
r-devel-linux-x86_64-fedora-gcc | 1.6 | 1313.52 | NOTE | |||
r-prerel-macos-arm64 | 1.6 | 269.00 | OK | |||
r-prerel-windows-x86_64 | 1.6 | 8.00 | 597.00 | 605.00 | OK | |
r-patched-linux-x86_64 | 1.6 | 5.40 | 1091.87 | 1097.27 | OK | |
r-release-linux-x86_64 | 1.6 | 4.87 | 1075.65 | 1080.52 | OK | |
r-release-macos-arm64 | 1.6 | 298.00 | OK | |||
r-release-macos-x86_64 | 1.6 | 572.00 | OK | |||
r-release-windows-x86_64 | 1.6 | 11.00 | 936.00 | 947.00 | OK | |
r-oldrel-macos-arm64 | 1.6 | 247.00 | NOTE | |||
r-oldrel-windows-x86_64 | 1.6 | 10.00 | 921.00 | 931.00 | OK |
Version: 1.6
Check: dependencies in R code
Result: NOTE
Namespace in Imports field not imported from: ‘testthat’
All declared Imports should be used.
Flavors: r-devel-linux-x86_64-fedora-clang, r-devel-linux-x86_64-fedora-gcc, r-oldrel-macos-arm64