CRAN Package Check Results for Package micemd

Last updated on 2023-03-21 12:50:41 CET.

Flavor Version Tinstall Tcheck Ttotal Status Flags
r-devel-linux-x86_64-debian-clang 1.8.0 15.15 120.46 135.61 NOTE
r-devel-linux-x86_64-debian-gcc 1.8.0 12.28 89.15 101.43 NOTE
r-devel-linux-x86_64-fedora-clang 1.8.0 171.57 NOTE
r-devel-linux-x86_64-fedora-gcc 1.8.0 157.28 NOTE
r-patched-linux-x86_64 1.8.0 22.90 112.47 135.37 OK
r-release-linux-x86_64 1.8.0 14.62 113.57 128.19 OK
r-release-macos-arm64 1.8.0 45.00 OK
r-release-macos-x86_64 1.8.0 77.00 OK
r-release-windows-x86_64 1.8.0 23.00 145.00 168.00 OK
r-oldrel-macos-arm64 1.8.0 47.00 OK
r-oldrel-macos-x86_64 1.8.0 58.00 OK
r-oldrel-windows-ix86+x86_64 1.8.0 33.00 137.00 170.00 OK

Check Details

Version: 1.8.0
Check: Rd files
Result: NOTE
    checkRd: (-1) IPDNa.Rd:42: Escaped LaTeX specials: \&
Flavors: r-devel-linux-x86_64-debian-clang, r-devel-linux-x86_64-debian-gcc, r-devel-linux-x86_64-fedora-clang, r-devel-linux-x86_64-fedora-gcc