CRAN Package Check Results for Package micEcon

Last updated on 2022-12-09 21:53:50 CET.

Flavor Version Tinstall Tcheck Ttotal Status Flags
r-devel-linux-x86_64-debian-clang 0.6-18 8.62 82.67 91.29 OK
r-devel-linux-x86_64-debian-gcc 0.6-18 4.85 67.66 72.51 OK
r-devel-linux-x86_64-fedora-clang 0.6-18 120.85 NOTE
r-devel-linux-x86_64-fedora-gcc 0.6-18 123.53 OK
r-devel-windows-x86_64 0.6-18 32.00 130.00 162.00 OK
r-patched-linux-x86_64 0.6-18 8.49 77.16 85.65 OK
r-release-linux-x86_64 0.6-18 4.72 79.37 84.09 OK
r-release-macos-arm64 0.6-18 32.00 OK
r-release-macos-x86_64 0.6-18 48.00 OK
r-release-windows-x86_64 0.6-18 27.00 117.00 144.00 OK
r-oldrel-macos-arm64 0.6-18 30.00 OK
r-oldrel-macos-x86_64 0.6-18 49.00 OK
r-oldrel-windows-ix86+x86_64 0.6-18 16.00 112.00 128.00 OK

Check Details

Version: 0.6-18
Check: Rd cross-references
Result: NOTE
    Undeclared packages ‘micEconAids’, ‘micEconSNQP’ in Rd xrefs
Flavor: r-devel-linux-x86_64-fedora-clang