Last updated on 2023-03-29 03:53:08 CEST.
Flavor | Version | Tinstall | Tcheck | Ttotal | Status | Flags |
---|---|---|---|---|---|---|
r-devel-linux-x86_64-debian-clang | 2.0 | 36.23 | 332.56 | 368.79 | OK | |
r-devel-linux-x86_64-debian-gcc | 2.0 | 26.31 | 247.72 | 274.03 | OK | |
r-devel-linux-x86_64-fedora-clang | 2.0 | 458.38 | OK | |||
r-devel-linux-x86_64-fedora-gcc | 2.0 | 460.94 | OK | |||
r-devel-windows-x86_64 | 2.0 | 42.00 | 0.00 | 42.00 | OK | |
r-patched-linux-x86_64 | 2.0 | 30.69 | 303.91 | 334.60 | OK | |
r-release-linux-x86_64 | 2.0 | 22.89 | 306.38 | 329.27 | OK | |
r-release-macos-arm64 | 2.0 | 135.00 | OK | |||
r-release-macos-x86_64 | 2.0 | 8.00 | ERROR | |||
r-release-windows-x86_64 | 2.0 | 42.00 | 325.00 | 367.00 | OK | |
r-oldrel-macos-arm64 | 2.0 | 121.00 | OK | |||
r-oldrel-macos-x86_64 | 2.0 | 9.00 | ERROR | |||
r-oldrel-windows-ix86+x86_64 | 2.0 | 73.00 | 310.00 | 383.00 | OK |
Version: 2.0
Check: package dependencies
Result: ERROR
Package required but not available: ‘GlobalAncova’
See section ‘The DESCRIPTION file’ in the ‘Writing R Extensions’
manual.
Flavors: r-release-macos-x86_64, r-oldrel-macos-x86_64