Last updated on 2024-04-24 06:19:20 CEST.
Flavor | Version | Tinstall | Tcheck | Ttotal | Status | Flags |
---|---|---|---|---|---|---|
r-devel-linux-x86_64-debian-clang | 1.1 | 3.20 | 103.01 | 106.21 | NOTE | |
r-devel-linux-x86_64-debian-gcc | 1.1 | 2.33 | 77.05 | 79.38 | NOTE | |
r-devel-linux-x86_64-fedora-clang | 1.1 | 160.50 | NOTE | |||
r-devel-linux-x86_64-fedora-gcc | 1.1 | 177.43 | NOTE | |||
r-prerel-macos-arm64 | 1.1 | 46.00 | NOTE | |||
r-prerel-windows-x86_64 | 1.1 | 4.00 | 148.00 | 152.00 | NOTE | |
r-patched-linux-x86_64 | 1.1 | 3.59 | 100.80 | 104.39 | NOTE | |
r-release-linux-x86_64 | 1.1 | 2.83 | 97.21 | 100.04 | NOTE | |
r-release-macos-arm64 | 1.1 | 29.00 | NOTE | |||
r-release-macos-x86_64 | 1.1 | 74.00 | NOTE | |||
r-release-windows-x86_64 | 1.1 | 5.00 | 176.00 | 181.00 | NOTE | |
r-oldrel-macos-arm64 | 1.1 | 23.00 | NOTE | |||
r-oldrel-windows-x86_64 | 1.1 | 5.00 | 180.00 | 185.00 | NOTE |
Version: 1.1
Check: LazyData
Result: NOTE
'LazyData' is specified without a 'data' directory
Flavors: r-devel-linux-x86_64-debian-clang, r-devel-linux-x86_64-debian-gcc, r-devel-linux-x86_64-fedora-clang, r-devel-linux-x86_64-fedora-gcc, r-prerel-macos-arm64, r-prerel-windows-x86_64, r-patched-linux-x86_64, r-release-linux-x86_64, r-release-macos-arm64, r-release-macos-x86_64, r-release-windows-x86_64, r-oldrel-macos-arm64, r-oldrel-windows-x86_64