Last updated on 2023-11-30 12:49:28 CET.
Flavor | Version | Tinstall | Tcheck | Ttotal | Status | Flags |
---|---|---|---|---|---|---|
r-devel-linux-x86_64-debian-clang | 1.5.4 | 8.15 | 80.81 | 88.96 | NOTE | |
r-devel-linux-x86_64-debian-gcc | 1.5.4 | 6.74 | 60.99 | 67.73 | NOTE | |
r-devel-linux-x86_64-fedora-clang | 1.5.4 | 113.85 | NOTE | |||
r-devel-linux-x86_64-fedora-gcc | 1.5.4 | 117.61 | NOTE | |||
r-devel-windows-x86_64 | 1.5.4 | 8.00 | 77.00 | 85.00 | NOTE | |
r-patched-linux-x86_64 | 1.5.4 | 6.39 | 77.35 | 83.74 | OK | |
r-release-linux-x86_64 | 1.5.4 | 9.35 | 75.84 | 85.19 | OK | |
r-release-macos-arm64 | 1.5.4 | 40.00 | OK | |||
r-release-macos-x86_64 | 1.5.4 | 75.00 | OK | |||
r-release-windows-x86_64 | 1.5.4 | 10.00 | 85.00 | 95.00 | OK | |
r-oldrel-macos-arm64 | 1.5.4 | 34.00 | OK | |||
r-oldrel-macos-x86_64 | 1.5.4 | 56.00 | OK | |||
r-oldrel-windows-x86_64 | 1.5.4 | 10.00 | 92.00 | 102.00 | OK |
Version: 1.5.4
Check: Rd contents
Result: NOTE
Argument items with no description in Rd file 'predict.mfp.Rd':
‘safe’
Flavors: r-devel-linux-x86_64-debian-clang, r-devel-linux-x86_64-debian-gcc, r-devel-linux-x86_64-fedora-clang, r-devel-linux-x86_64-fedora-gcc, r-devel-windows-x86_64