CRAN Package Check Results for Package mfbvar

Last updated on 2022-01-19 21:50:41 CET.

Flavor Version Tinstall Tcheck Ttotal Status Flags
r-devel-linux-x86_64-debian-clang 0.5.6 NOTE
r-devel-linux-x86_64-debian-gcc 0.5.6 393.79 103.24 497.03 NOTE
r-devel-linux-x86_64-fedora-clang 0.5.6 1001.86 NOTE
r-devel-linux-x86_64-fedora-gcc 0.5.6 875.63 NOTE
r-devel-windows-x86_64-new-UL 0.5.6 387.00 203.00 590.00 NOTE
r-devel-windows-x86_64-new-TK 0.5.6 NOTE
r-patched-linux-x86_64 0.5.6 434.48 130.39 564.87 NOTE
r-release-linux-x86_64 0.5.6 NOTE
r-release-macos-arm64 0.5.6 NOTE
r-release-macos-x86_64 0.5.6 NOTE
r-release-windows-ix86+x86_64 0.5.6 1210.00 196.00 1406.00 NOTE
r-oldrel-macos-x86_64 0.5.6 NOTE
r-oldrel-windows-ix86+x86_64 0.5.6 1212.00 197.00 1409.00 NOTE

Check Details

Version: 0.5.6
Check: for GNU extensions in Makefiles
Result: NOTE
    GNU make is a SystemRequirements.
Flavors: r-devel-linux-x86_64-debian-clang, r-devel-linux-x86_64-debian-gcc, r-devel-linux-x86_64-fedora-clang, r-devel-linux-x86_64-fedora-gcc, r-devel-windows-x86_64-new-UL, r-devel-windows-x86_64-new-TK, r-patched-linux-x86_64, r-release-linux-x86_64, r-release-macos-arm64, r-release-macos-x86_64, r-release-windows-ix86+x86_64, r-oldrel-macos-x86_64, r-oldrel-windows-ix86+x86_64

Version: 0.5.6
Check: installed package size
Result: NOTE
     installed size is 23.1Mb
     sub-directories of 1Mb or more:
     libs 22.2Mb
Flavors: r-devel-linux-x86_64-fedora-clang, r-release-macos-arm64, r-release-macos-x86_64, r-release-windows-ix86+x86_64, r-oldrel-macos-x86_64, r-oldrel-windows-ix86+x86_64