Last updated on 2022-08-11 06:51:49 CEST.
Flavor | Version | Tinstall | Tcheck | Ttotal | Status | Flags |
---|---|---|---|---|---|---|
r-devel-linux-x86_64-debian-clang | 0.2.1 | 52.09 | 222.34 | 274.43 | NOTE | |
r-devel-linux-x86_64-debian-gcc | 0.2.1 | 35.52 | 180.44 | 215.96 | NOTE | |
r-devel-linux-x86_64-fedora-clang | 0.2.1 | 356.08 | NOTE | |||
r-devel-linux-x86_64-fedora-gcc | 0.2.1 | 326.08 | NOTE | |||
r-devel-windows-x86_64 | 0.2.1 | 47.00 | 294.00 | 341.00 | NOTE | |
r-patched-linux-x86_64 | 0.2.1 | 37.87 | 236.88 | 274.75 | OK | |
r-release-linux-x86_64 | 0.2.1 | OK | ||||
r-release-macos-arm64 | 0.2.1 | 89.00 | OK | |||
r-release-macos-x86_64 | 0.2.1 | 113.00 | OK | |||
r-release-windows-x86_64 | 0.2.1 | 45.00 | 292.00 | 337.00 | OK | |
r-oldrel-macos-arm64 | 0.2.1 | 99.00 | OK | |||
r-oldrel-macos-x86_64 | 0.2.1 | 109.00 | OK | |||
r-oldrel-windows-ix86+x86_64 | 0.2.1 | 116.00 | 535.00 | 651.00 | OK |
Version: 0.2.1
Check: package subdirectories
Result: NOTE
Problems with news in 'NEWS.md':
No news entries found.
Flavors: r-devel-linux-x86_64-debian-clang, r-devel-linux-x86_64-debian-gcc, r-devel-linux-x86_64-fedora-clang, r-devel-linux-x86_64-fedora-gcc, r-devel-windows-x86_64