Last updated on 2025-02-22 12:50:41 CET.
Flavor | Version | Tinstall | Tcheck | Ttotal | Status | Flags |
---|---|---|---|---|---|---|
r-devel-linux-x86_64-debian-clang | 0.2.2 | 5.70 | 74.27 | 79.97 | OK | |
r-devel-linux-x86_64-debian-gcc | 0.2.2 | 4.06 | 54.15 | 58.21 | OK | |
r-devel-linux-x86_64-fedora-clang | 0.2.2 | 120.77 | OK | |||
r-devel-linux-x86_64-fedora-gcc | 0.2.2 | 136.60 | OK | |||
r-devel-macos-arm64 | 0.2.2 | 41.00 | OK | |||
r-devel-macos-x86_64 | 0.2.2 | 74.00 | OK | |||
r-devel-windows-x86_64 | 0.2.2 | 8.00 | 81.00 | 89.00 | OK | |
r-patched-linux-x86_64 | 0.2.2 | 6.31 | 69.38 | 75.69 | NOTE | |
r-release-linux-x86_64 | 0.2.2 | 4.20 | 69.27 | 73.47 | NOTE | |
r-release-macos-arm64 | 0.2.2 | 39.00 | NOTE | |||
r-release-macos-x86_64 | 0.2.2 | 65.00 | NOTE | |||
r-release-windows-x86_64 | 0.2.2 | 9.00 | 73.00 | 82.00 | NOTE | |
r-oldrel-macos-arm64 | 0.2.2 | 47.00 | NOTE | |||
r-oldrel-macos-x86_64 | 0.2.2 | 66.00 | NOTE | |||
r-oldrel-windows-x86_64 | 0.2.2 | 10.00 | 92.00 | 102.00 | NOTE |
Version: 0.2.2
Check: LazyData
Result: NOTE
'LazyData' is specified without a 'data' directory
Flavors: r-patched-linux-x86_64, r-release-linux-x86_64, r-release-macos-arm64, r-release-macos-x86_64, r-release-windows-x86_64, r-oldrel-macos-arm64, r-oldrel-macos-x86_64, r-oldrel-windows-x86_64