Last updated on 2023-12-06 12:53:39 CET.
Flavor | Version | Tinstall | Tcheck | Ttotal | Status | Flags |
---|---|---|---|---|---|---|
r-devel-linux-x86_64-debian-clang | 0.2.3 | 12.01 | 119.62 | 131.63 | OK | |
r-devel-linux-x86_64-debian-gcc | 0.2.3 | 8.78 | 87.63 | 96.41 | OK | |
r-devel-linux-x86_64-fedora-clang | 0.2.3 | 155.31 | NOTE | |||
r-devel-linux-x86_64-fedora-gcc | 0.2.3 | 159.44 | NOTE | |||
r-devel-windows-x86_64 | 0.2.3 | 12.00 | 100.00 | 112.00 | OK | |
r-patched-linux-x86_64 | 0.2.3 | 9.14 | 111.38 | 120.52 | OK | |
r-release-linux-x86_64 | 0.2.3 | 7.96 | 112.24 | 120.20 | OK | |
r-release-macos-arm64 | 0.2.3 | 59.00 | OK | |||
r-release-macos-x86_64 | 0.2.3 | 90.00 | OK | |||
r-release-windows-x86_64 | 0.2.3 | 14.00 | 119.00 | 133.00 | OK | |
r-oldrel-macos-arm64 | 0.2.3 | 45.00 | OK | |||
r-oldrel-macos-x86_64 | 0.2.3 | 79.00 | OK | |||
r-oldrel-windows-x86_64 | 0.2.3 | 14.00 | 124.00 | 138.00 | OK |
Version: 0.2.3
Check: package dependencies
Result: NOTE
Suggests orphaned package: ‘udunits2’
Flavors: r-devel-linux-x86_64-fedora-clang, r-devel-linux-x86_64-fedora-gcc