Last updated on 2025-04-30 12:49:08 CEST.
Flavor | Version | Tinstall | Tcheck | Ttotal | Status | Flags |
---|---|---|---|---|---|---|
r-devel-linux-x86_64-debian-clang | 0.0.2 | 17.38 | 107.87 | 125.25 | OK | |
r-devel-linux-x86_64-debian-gcc | 0.0.2 | 15.54 | 113.12 | 128.66 | NOTE | |
r-devel-linux-x86_64-fedora-clang | 0.0.2 | 225.46 | OK | |||
r-devel-linux-x86_64-fedora-gcc | 0.0.2 | 291.51 | OK | |||
r-devel-windows-x86_64 | 0.0.2 | 27.00 | 189.00 | 216.00 | OK | |
r-patched-linux-x86_64 | 0.0.2 | 21.13 | 142.48 | 163.61 | OK | |
r-release-linux-x86_64 | 0.0.2 | 20.99 | 142.33 | 163.32 | OK | |
r-release-macos-arm64 | 0.0.2 | 117.00 | OK | |||
r-release-macos-x86_64 | 0.0.2 | 249.00 | OK | |||
r-release-windows-x86_64 | 0.0.2 | 28.00 | 195.00 | 223.00 | OK | |
r-oldrel-macos-arm64 | 0.0.2 | 61.00 | OK | |||
r-oldrel-macos-x86_64 | 0.0.2 | 116.00 | OK | |||
r-oldrel-windows-x86_64 | 0.0.2 | 30.00 | 240.00 | 270.00 | OK |
Version: 0.0.2
Check: examples
Result: NOTE
Examples with CPU (user + system) or elapsed time > 5s
user system elapsed
plot.minima3d 4.741 0.082 7.546
plot.fes3d 4.715 0.055 7.082
fes.hillsfile3d 4.627 0.003 6.296
print.fes3d 4.499 0.003 6.120
print.minima3d 4.460 0.027 5.404
feprof.minima3d 4.291 0.083 5.589
fesminima.fes3d 4.309 0.029 6.509
Flavor: r-devel-linux-x86_64-debian-gcc