CRAN Package Check Results for Package metadat

Last updated on 2025-02-01 12:48:32 CET.

Flavor Version Tinstall Tcheck Ttotal Status Flags
r-devel-linux-x86_64-debian-clang 1.2-0 3.40 47.86 51.26 WARN
r-devel-linux-x86_64-debian-gcc 1.2-0 2.75 34.29 37.04 WARN
r-devel-linux-x86_64-fedora-clang 1.2-0 85.46 WARN
r-devel-linux-x86_64-fedora-gcc 1.2-0 82.20 WARN
r-devel-windows-x86_64 1.2-0 7.00 93.00 100.00 WARN
r-patched-linux-x86_64 1.2-0 6.46 47.38 53.84 WARN
r-release-linux-x86_64 1.2-0 3.26 45.60 48.86 WARN
r-release-macos-arm64 1.2-0 31.00 OK
r-release-macos-x86_64 1.2-0 37.00 OK
r-release-windows-x86_64 1.2-0 8.00 90.00 98.00 WARN
r-oldrel-macos-arm64 1.2-0 30.00 OK
r-oldrel-macos-x86_64 1.2-0 54.00 OK
r-oldrel-windows-x86_64 1.2-0 8.00 98.00 106.00 WARN

Check Details

Version: 1.2-0
Check: Rd cross-references
Result: WARN Missing link(s) in Rd file 'dat.baker2009.Rd': ‘[netmeta]{pairwise}’ Missing link(s) in Rd file 'dat.dogliotti2014.Rd': ‘[netmeta]{pairwise}’ Missing link(s) in Rd file 'dat.dong2013.Rd': ‘[netmeta]{pairwise}’ Missing link(s) in Rd file 'dat.gurusamy2011.Rd': ‘[netmeta]{pairwise}’ Missing link(s) in Rd file 'dat.linde2015.Rd': ‘[netmeta]{pairwise}’ Missing link(s) in Rd file 'dat.stowe2010.Rd': ‘[netmeta]{pairwise}’ See section 'Cross-references' in the 'Writing R Extensions' manual. Flavors: r-devel-linux-x86_64-debian-clang, r-devel-linux-x86_64-debian-gcc, r-devel-linux-x86_64-fedora-clang, r-devel-linux-x86_64-fedora-gcc, r-devel-windows-x86_64

Version: 1.2-0
Check: Rd cross-references
Result: WARN Missing link or links in Rd file 'dat.baker2009.Rd': ‘[netmeta]{pairwise}’ Missing link or links in Rd file 'dat.dogliotti2014.Rd': ‘[netmeta]{pairwise}’ Missing link or links in Rd file 'dat.dong2013.Rd': ‘[netmeta]{pairwise}’ Missing link or links in Rd file 'dat.gurusamy2011.Rd': ‘[netmeta]{pairwise}’ Missing link or links in Rd file 'dat.linde2015.Rd': ‘[netmeta]{pairwise}’ Missing link or links in Rd file 'dat.stowe2010.Rd': ‘[netmeta]{pairwise}’ See section 'Cross-references' in the 'Writing R Extensions' manual. Flavors: r-patched-linux-x86_64, r-release-linux-x86_64, r-release-windows-x86_64

Version: 1.2-0
Check: Rd cross-references
Result: WARN Missing link or links in documentation object 'dat.baker2009.Rd': '[netmeta]{pairwise}' Missing link or links in documentation object 'dat.dogliotti2014.Rd': '[netmeta]{pairwise}' Missing link or links in documentation object 'dat.dong2013.Rd': '[netmeta]{pairwise}' Missing link or links in documentation object 'dat.gurusamy2011.Rd': '[netmeta]{pairwise}' Missing link or links in documentation object 'dat.linde2015.Rd': '[netmeta]{pairwise}' Missing link or links in documentation object 'dat.stowe2010.Rd': '[netmeta]{pairwise}' See section 'Cross-references' in the 'Writing R Extensions' manual. Flavor: r-oldrel-windows-x86_64