CRAN Package Check Results for Package metaboGSE

Last updated on 2020-02-23 20:49:43 CET.

Flavor Version Tinstall Tcheck Ttotal Status Flags
r-devel-linux-x86_64-debian-clang 1.2.3 31.01 396.79 427.80 OK
r-devel-linux-x86_64-debian-gcc 1.2.3 26.65 300.46 327.11 OK
r-devel-linux-x86_64-fedora-clang 1.2.3 501.54 OK
r-devel-linux-x86_64-fedora-gcc 1.2.3 500.39 OK
r-devel-windows-ix86+x86_64 1.2.3 46.00 349.00 395.00 NOTE
r-devel-windows-ix86+x86_64-gcc8 1.2.3 69.00 466.00 535.00 NOTE
r-patched-linux-x86_64 1.2.3 OK
r-patched-solaris-x86 1.2.3 641.90 OK
r-release-linux-x86_64 1.2.3 26.16 338.88 365.04 OK
r-release-windows-ix86+x86_64 1.2.3 39.00 310.00 349.00 NOTE
r-release-osx-x86_64 1.2.3 ERROR
r-oldrel-windows-ix86+x86_64 1.2.3 44.00 362.00 406.00 NOTE
r-oldrel-osx-x86_64 1.2.3 NOTE

Check Details

Version: 1.2.3
Check: package dependencies
Result: NOTE
    Package suggested but not available for checking: 'unix'
Flavors: r-devel-windows-ix86+x86_64, r-devel-windows-ix86+x86_64-gcc8, r-release-windows-ix86+x86_64, r-oldrel-windows-ix86+x86_64

Version: 1.2.3
Check: package dependencies
Result: ERROR
    Package required but not available: ‘GO.db’
    
    Packages suggested but not available for checking: 'clpAPI', 'ctc'
    
    See section ‘The DESCRIPTION file’ in the ‘Writing R Extensions’
    manual.
Flavor: r-release-osx-x86_64

Version: 1.2.3
Check: package dependencies
Result: NOTE
    Packages suggested but not available for checking: ‘clpAPI’ ‘ctc’
Flavor: r-oldrel-osx-x86_64