CRAN Package Check Results for Package metaMix

Last updated on 2020-02-28 05:50:31 CET.

Flavor Version Tinstall Tcheck Ttotal Status Flags
r-devel-linux-x86_64-debian-clang 0.3 14.73 113.14 127.87 OK
r-devel-linux-x86_64-debian-gcc 0.3 11.15 89.62 100.77 OK
r-devel-linux-x86_64-fedora-clang 0.3 155.73 OK
r-devel-linux-x86_64-fedora-gcc 0.3 154.01 OK
r-devel-windows-ix86+x86_64 0.3 24.00 137.00 161.00 OK
r-devel-windows-ix86+x86_64-gcc8 0.3 25.00 150.00 175.00 OK
r-patched-linux-x86_64 0.3 10.84 101.69 112.53 OK
r-patched-solaris-x86 0.3 217.10 OK
r-release-linux-x86_64 0.3 12.12 100.46 112.58 OK
r-release-windows-ix86+x86_64 0.3 26.00 131.00 157.00 OK
r-release-osx-x86_64 0.3 ERROR
r-oldrel-windows-ix86+x86_64 0.3 17.00 136.00 153.00 OK
r-oldrel-osx-x86_64 0.3 ERROR

Check Details

Version: 0.3
Check: package dependencies
Result: ERROR
    Package required but not available: ‘Rmpi’
    
    See section ‘The DESCRIPTION file’ in the ‘Writing R Extensions’
    manual.
Flavors: r-release-osx-x86_64, r-oldrel-osx-x86_64