Last updated on 2022-06-26 12:54:51 CEST.
Flavor | Version | Tinstall | Tcheck | Ttotal | Status | Flags |
---|---|---|---|---|---|---|
r-devel-linux-x86_64-debian-clang | 1.0.0 | 6.89 | 61.28 | 68.17 | NOTE | |
r-devel-linux-x86_64-debian-gcc | 1.0.0 | 6.77 | 48.12 | 54.89 | NOTE | |
r-devel-linux-x86_64-fedora-clang | 1.0.0 | 97.05 | NOTE | |||
r-devel-linux-x86_64-fedora-gcc | 1.0.0 | 95.16 | NOTE | |||
r-devel-windows-x86_64 | 1.0.0 | 14.00 | 82.00 | 96.00 | NOTE | |
r-patched-linux-x86_64 | 1.0.0 | 7.76 | 60.01 | 67.77 | NOTE | |
r-release-linux-x86_64 | 1.0.0 | 6.53 | 59.96 | 66.49 | NOTE | |
r-release-macos-arm64 | 1.0.0 | 28.00 | NOTE | |||
r-release-macos-x86_64 | 1.0.0 | 41.00 | NOTE | |||
r-release-windows-x86_64 | 1.0.0 | 18.00 | 83.00 | 101.00 | NOTE | |
r-oldrel-macos-arm64 | 1.0.0 | 33.00 | NOTE | |||
r-oldrel-macos-x86_64 | 1.0.0 | 54.00 | NOTE | |||
r-oldrel-windows-ix86+x86_64 | 1.0.0 | 16.00 | 78.00 | 94.00 | NOTE |
Version: 1.0.0
Check: LazyData
Result: NOTE
'LazyData' is specified without a 'data' directory
Flavors: r-devel-linux-x86_64-debian-clang, r-devel-linux-x86_64-debian-gcc, r-devel-linux-x86_64-fedora-clang, r-devel-linux-x86_64-fedora-gcc, r-devel-windows-x86_64, r-patched-linux-x86_64, r-release-linux-x86_64, r-release-macos-arm64, r-release-macos-x86_64, r-release-windows-x86_64, r-oldrel-macos-arm64, r-oldrel-macos-x86_64, r-oldrel-windows-ix86+x86_64