Last updated on 2024-04-20 05:58:58 CEST.
Flavor | Version | Tinstall | Tcheck | Ttotal | Status | Flags |
---|---|---|---|---|---|---|
r-devel-linux-x86_64-debian-clang | 1.0.0 | 7.57 | 61.59 | 69.16 | NOTE | |
r-devel-linux-x86_64-debian-gcc | 1.0.0 | 5.92 | 46.75 | 52.67 | NOTE | |
r-devel-linux-x86_64-fedora-clang | 1.0.0 | 85.68 | NOTE | |||
r-devel-linux-x86_64-fedora-gcc | 1.0.0 | 82.79 | NOTE | |||
r-prerel-macos-arm64 | 1.0.0 | 27.00 | NOTE | |||
r-prerel-windows-x86_64 | 1.0.0 | 6.00 | 61.00 | 67.00 | NOTE | |
r-patched-linux-x86_64 | 1.0.0 | 7.46 | 59.67 | 67.13 | NOTE | |
r-release-linux-x86_64 | 1.0.0 | 6.69 | 62.05 | 68.74 | NOTE | |
r-release-macos-arm64 | 1.0.0 | 29.00 | NOTE | |||
r-release-macos-x86_64 | 1.0.0 | 48.00 | NOTE | |||
r-release-windows-x86_64 | 1.0.0 | 9.00 | 69.00 | 78.00 | NOTE | |
r-oldrel-macos-arm64 | 1.0.0 | 29.00 | NOTE | |||
r-oldrel-windows-x86_64 | 1.0.0 | 9.00 | 73.00 | 82.00 | NOTE |
Version: 1.0.0
Check: LazyData
Result: NOTE
'LazyData' is specified without a 'data' directory
Flavors: r-devel-linux-x86_64-debian-clang, r-devel-linux-x86_64-debian-gcc, r-devel-linux-x86_64-fedora-clang, r-devel-linux-x86_64-fedora-gcc, r-prerel-macos-arm64, r-prerel-windows-x86_64, r-patched-linux-x86_64, r-release-linux-x86_64, r-release-macos-arm64, r-release-macos-x86_64, r-release-windows-x86_64, r-oldrel-macos-arm64, r-oldrel-windows-x86_64