Last updated on 2024-04-24 06:19:20 CEST.
Flavor | Version | Tinstall | Tcheck | Ttotal | Status | Flags |
---|---|---|---|---|---|---|
r-devel-linux-x86_64-debian-clang | 0.15.0 | 22.22 | 327.63 | 349.85 | OK | |
r-devel-linux-x86_64-debian-gcc | 0.15.0 | 14.42 | 243.68 | 258.10 | OK | |
r-devel-linux-x86_64-fedora-clang | 0.15.0 | 454.80 | NOTE | |||
r-devel-linux-x86_64-fedora-gcc | 0.15.0 | 459.83 | OK | |||
r-prerel-macos-arm64 | 0.15.0 | 115.00 | OK | |||
r-prerel-macos-x86_64 | 0.15.0 | 298.00 | OK | |||
r-prerel-windows-x86_64 | 0.15.0 | 17.00 | 282.00 | 299.00 | OK | |
r-patched-linux-x86_64 | 0.15.0 | 22.22 | 332.99 | 355.21 | OK | |
r-release-linux-x86_64 | 0.15.0 | 15.12 | 327.11 | 342.23 | OK | |
r-release-macos-arm64 | 0.15.0 | 111.00 | OK | |||
r-release-macos-x86_64 | 0.15.0 | 284.00 | OK | |||
r-release-windows-x86_64 | 0.15.0 | 24.00 | 345.00 | 369.00 | OK | |
r-oldrel-macos-arm64 | 0.15.0 | 126.00 | OK | |||
r-oldrel-windows-x86_64 | 0.15.0 | 23.00 | 346.00 | 369.00 | OK |
Version: 0.15.0
Check: Rd cross-references
Result: NOTE
Undeclared package ‘rlang’ in Rd xrefs
Flavor: r-devel-linux-x86_64-fedora-clang