Last updated on 2025-02-22 12:50:41 CET.
Flavor | Version | Tinstall | Tcheck | Ttotal | Status | Flags |
---|---|---|---|---|---|---|
r-devel-linux-x86_64-debian-clang | 0.2.3 | 263.54 | 152.09 | 415.63 | NOTE | |
r-devel-linux-x86_64-debian-gcc | 0.2.3 | 199.32 | 114.33 | 313.65 | NOTE | |
r-devel-linux-x86_64-fedora-clang | 0.2.3 | 763.59 | NOTE | |||
r-devel-linux-x86_64-fedora-gcc | 0.2.3 | 918.52 | NOTE | |||
r-devel-macos-arm64 | 0.2.3 | 144.00 | NOTE | |||
r-devel-macos-x86_64 | 0.2.3 | 205.00 | NOTE | |||
r-devel-windows-x86_64 | 0.2.3 | 279.00 | 144.00 | 423.00 | NOTE | |
r-patched-linux-x86_64 | 0.2.3 | 281.93 | 157.34 | 439.27 | NOTE | |
r-release-linux-x86_64 | 0.2.3 | 289.76 | 173.12 | 462.88 | NOTE | |
r-release-macos-arm64 | 0.2.3 | 150.00 | NOTE | |||
r-release-macos-x86_64 | 0.2.3 | 167.00 | NOTE | |||
r-release-windows-x86_64 | 0.2.3 | 283.00 | 144.00 | 427.00 | NOTE | |
r-oldrel-macos-arm64 | 0.2.3 | 215.00 | NOTE | |||
r-oldrel-macos-x86_64 | 0.2.3 | 308.00 | NOTE | |||
r-oldrel-windows-x86_64 | 0.2.3 | 340.00 | 177.00 | 517.00 | NOTE |
Version: 0.2.3
Check: C++ specification
Result: NOTE
Specified C++11: please drop specification unless essential
Flavors: r-devel-linux-x86_64-debian-clang, r-devel-linux-x86_64-debian-gcc, r-devel-linux-x86_64-fedora-clang, r-devel-linux-x86_64-fedora-gcc, r-devel-macos-arm64, r-devel-macos-x86_64, r-devel-windows-x86_64, r-patched-linux-x86_64, r-release-linux-x86_64, r-release-macos-arm64, r-release-macos-x86_64, r-release-windows-x86_64, r-oldrel-macos-arm64, r-oldrel-macos-x86_64, r-oldrel-windows-x86_64
Version: 0.2.3
Check: installed package size
Result: NOTE
installed size is 20.2Mb
sub-directories of 1Mb or more:
libs 19.1Mb
Flavors: r-release-macos-arm64, r-release-macos-x86_64, r-oldrel-macos-arm64, r-oldrel-macos-x86_64