CRAN Package Check Results for Package merTools

Last updated on 2020-09-20 06:48:23 CEST.

Flavor Version Tinstall Tcheck Ttotal Status Flags
r-devel-linux-x86_64-debian-clang 0.5.2 17.61 200.95 218.56 OK
r-devel-linux-x86_64-debian-gcc 0.5.2 12.92 150.10 163.02 OK
r-devel-linux-x86_64-fedora-clang 0.5.2 289.62 OK
r-devel-linux-x86_64-fedora-gcc 0.5.2 274.91 OK
r-devel-windows-ix86+x86_64 0.5.2 37.00 215.00 252.00 OK --no-vignettes
r-patched-linux-x86_64 0.5.2 11.83 193.51 205.34 NOTE
r-patched-solaris-x86 0.5.2 357.20 OK
r-release-linux-x86_64 0.5.2 14.97 195.66 210.63 OK
r-release-macos-x86_64 0.5.2 OK
r-release-windows-ix86+x86_64 0.5.2 37.00 188.00 225.00 OK --no-vignettes
r-oldrel-macos-x86_64 0.5.2 OK
r-oldrel-windows-ix86+x86_64 0.5.2 21.00 234.00 255.00 OK --no-vignettes

Check Details

Version: 0.5.2
Check: package dependencies
Result: NOTE
    Package suggested but not available for checking: ‘rstanarm’
Flavor: r-patched-linux-x86_64