Last updated on 2024-04-19 21:56:33 CEST.
Flavor | Version | Tinstall | Tcheck | Ttotal | Status | Flags |
---|---|---|---|---|---|---|
r-devel-linux-x86_64-debian-clang | 1.0.0 | 15.83 | 150.65 | 166.48 | NOTE | |
r-devel-linux-x86_64-debian-gcc | 1.0.0 | NOTE | ||||
r-devel-linux-x86_64-fedora-clang | 1.0.0 | 209.67 | NOTE | |||
r-devel-linux-x86_64-fedora-gcc | 1.0.0 | 209.59 | NOTE | |||
r-prerel-macos-arm64 | 1.0.0 | 65.00 | NOTE | |||
r-prerel-windows-x86_64 | 1.0.0 | 14.00 | 117.00 | 131.00 | NOTE | |
r-patched-linux-x86_64 | 1.0.0 | 11.43 | 138.06 | 149.49 | NOTE | |
r-release-linux-x86_64 | 1.0.0 | 11.82 | 143.11 | 154.93 | NOTE | |
r-release-macos-arm64 | 1.0.0 | 72.00 | NOTE | |||
r-release-macos-x86_64 | 1.0.0 | 110.00 | NOTE | |||
r-release-windows-x86_64 | 1.0.0 | 21.00 | 147.00 | 168.00 | NOTE | |
r-oldrel-macos-arm64 | 1.0.0 | 50.00 | OK | |||
r-oldrel-windows-x86_64 | 1.0.0 | 22.00 | 145.00 | 167.00 | OK |
Version: 1.0.0
Check: package subdirectories
Result: NOTE
Problems with news in ‘NEWS.md’:
No news entries found.
Flavors: r-devel-linux-x86_64-debian-clang, r-devel-linux-x86_64-debian-gcc, r-devel-linux-x86_64-fedora-clang, r-devel-linux-x86_64-fedora-gcc, r-prerel-macos-arm64, r-prerel-windows-x86_64, r-patched-linux-x86_64, r-release-linux-x86_64, r-release-macos-arm64, r-release-macos-x86_64, r-release-windows-x86_64