Last updated on 2023-03-28 21:54:02 CEST.
Flavor | Version | Tinstall | Tcheck | Ttotal | Status | Flags |
---|---|---|---|---|---|---|
r-devel-linux-x86_64-debian-clang | 1.0.0 | 15.80 | 149.19 | 164.99 | NOTE | |
r-devel-linux-x86_64-debian-gcc | 1.0.0 | 13.32 | 111.71 | 125.03 | NOTE | |
r-devel-linux-x86_64-fedora-clang | 1.0.0 | 218.52 | NOTE | |||
r-devel-linux-x86_64-fedora-gcc | 1.0.0 | 208.38 | NOTE | |||
r-patched-linux-x86_64 | 1.0.0 | 16.32 | 140.07 | 156.39 | NOTE | |
r-release-linux-x86_64 | 1.0.0 | 12.08 | 136.28 | 148.36 | OK | |
r-release-macos-arm64 | 1.0.0 | 50.00 | OK | |||
r-release-macos-x86_64 | 1.0.0 | 92.00 | OK | |||
r-release-windows-x86_64 | 1.0.0 | 30.00 | 169.00 | 199.00 | OK | |
r-oldrel-macos-arm64 | 1.0.0 | 58.00 | OK | |||
r-oldrel-macos-x86_64 | 1.0.0 | 103.00 | OK | |||
r-oldrel-windows-ix86+x86_64 | 1.0.0 | 46.00 | 160.00 | 206.00 | OK |
Version: 1.0.0
Check: package subdirectories
Result: NOTE
Problems with news in ‘NEWS.md’:
No news entries found.
Flavors: r-devel-linux-x86_64-debian-clang, r-devel-linux-x86_64-debian-gcc, r-devel-linux-x86_64-fedora-clang, r-devel-linux-x86_64-fedora-gcc, r-patched-linux-x86_64