Last updated on 2025-01-13 12:49:43 CET.
Flavor | Version | Tinstall | Tcheck | Ttotal | Status | Flags |
---|---|---|---|---|---|---|
r-devel-linux-x86_64-debian-clang | 1.1.2 | 5.16 | 106.43 | 111.59 | OK | |
r-devel-linux-x86_64-debian-gcc | 1.1.2 | 3.59 | 73.34 | 76.93 | OK | |
r-devel-linux-x86_64-fedora-clang | 1.1.2 | 185.63 | OK | |||
r-devel-linux-x86_64-fedora-gcc | 1.1.2 | 147.96 | OK | |||
r-devel-windows-x86_64 | 1.1.2 | 6.00 | 120.00 | 126.00 | OK | |
r-patched-linux-x86_64 | 1.1.1 | 4.59 | 79.05 | 83.64 | ERROR | |
r-release-linux-x86_64 | 1.1.2 | 3.93 | 99.81 | 103.74 | OK | |
r-release-macos-arm64 | 1.1.2 | 86.00 | OK | |||
r-release-macos-x86_64 | 1.1.2 | 139.00 | OK | |||
r-release-windows-x86_64 | 1.1.2 | 7.00 | 121.00 | 128.00 | OK | |
r-oldrel-macos-arm64 | 1.1.2 | 63.00 | OK | |||
r-oldrel-macos-x86_64 | 1.1.2 | 126.00 | OK | |||
r-oldrel-windows-x86_64 | 1.1.2 | 8.00 | 143.00 | 151.00 | OK |
Version: 1.1.1
Check: LazyData
Result: NOTE
'LazyData' is specified without a 'data' directory
Flavor: r-patched-linux-x86_64
Version: 1.1.1
Check: re-building of vignette outputs
Result: ERROR
Error(s) in re-building vignettes:
...
--- re-building ‘Change_in_Mean.Rmd’ using rmarkdown
** Processing: /home/hornik/tmp/R.check/r-patched-gcc/Work/PKGS/memochange.Rcheck/vign_test/memochange/vignettes/Change_in_Mean_files/figure-html/unnamed-chunk-1-1.png
672x384 pixels, 8 bits/pixel, 256 colors in palette
Reducing image to 8 bits/pixel, grayscale
Input IDAT size = 13537 bytes
Input file size = 14407 bytes
Trying:
zc = 9 zm = 8 zs = 0 f = 0 IDAT size = 12462
zc = 9 zm = 8 zs = 1 f = 0 IDAT size = 12458
zc = 1 zm = 8 zs = 2 f = 0
zc = 9 zm = 8 zs = 3 f = 0
zc = 9 zm = 8 zs = 0 f = 5 IDAT size = 12147
zc = 9 zm = 8 zs = 1 f = 5
zc = 1 zm = 8 zs = 2 f = 5
zc = 9 zm = 8 zs = 3 f = 5
Selecting parameters:
zc = 9 zm = 8 zs = 0 f = 5 IDAT size = 12147
Output IDAT size = 12147 bytes (1390 bytes decrease)
Output file size = 12225 bytes (2182 bytes = 15.15% decrease)
** Processing: /home/hornik/tmp/R.check/r-patched-gcc/Work/PKGS/memochange.Rcheck/vign_test/memochange/vignettes/Change_in_Mean_files/figure-html/unnamed-chunk-3-1.png
672x384 pixels, 3x8 bits/pixel, RGB
Input IDAT size = 17636 bytes
Input file size = 17738 bytes
Trying:
zc = 9 zm = 8 zs = 0 f = 0 IDAT size = 14309
zc = 9 zm = 8 zs = 1 f = 0
zc = 1 zm = 8 zs = 2 f = 0
zc = 9 zm = 8 zs = 3 f = 0
zc = 9 zm = 8 zs = 0 f = 5
zc = 9 zm = 8 zs = 1 f = 5
zc = 1 zm = 8 zs = 2 f = 5
zc = 9 zm = 8 zs = 3 f = 5
Selecting parameters:
zc = 9 zm = 8 zs = 0 f = 0 IDAT size = 14309
Output IDAT size = 14309 bytes (3327 bytes decrease)
Output file size = 14387 bytes (3351 bytes = 18.89% decrease)
Quitting from lines 99-108 [unnamed-chunk-6] (Change_in_Mean.Rmd)
Error: processing vignette 'Change_in_Mean.Rmd' failed with diagnostics:
replacement has 0 rows, data has 755
--- failed re-building ‘Change_in_Mean.Rmd’
--- re-building ‘break_in_persistence.Rmd’ using rmarkdown
Quitting from lines 45-49 [unnamed-chunk-2] (break_in_persistence.Rmd)
Error: processing vignette 'break_in_persistence.Rmd' failed with diagnostics:
replacement has 0 rows, data has 404
--- failed re-building ‘break_in_persistence.Rmd’
SUMMARY: processing the following files failed:
‘Change_in_Mean.Rmd’ ‘break_in_persistence.Rmd’
Error: Vignette re-building failed.
Execution halted
Flavor: r-patched-linux-x86_64