Last updated on 2023-03-27 03:53:46 CEST.
Flavor | Version | Tinstall | Tcheck | Ttotal | Status | Flags |
---|---|---|---|---|---|---|
r-devel-linux-x86_64-debian-clang | 1.1.1 | 5.10 | 134.89 | 139.99 | NOTE | |
r-devel-linux-x86_64-debian-gcc | 1.1.1 | 5.09 | 95.32 | 100.41 | NOTE | |
r-devel-linux-x86_64-fedora-clang | 1.1.1 | 171.39 | NOTE | |||
r-devel-linux-x86_64-fedora-gcc | 1.1.1 | 174.93 | NOTE | |||
r-patched-linux-x86_64 | 1.1.1 | 5.89 | 128.26 | 134.15 | NOTE | |
r-release-linux-x86_64 | 1.1.1 | 6.08 | 128.26 | 134.34 | NOTE | |
r-release-macos-arm64 | 1.1.1 | 49.00 | NOTE | |||
r-release-macos-x86_64 | 1.1.1 | 86.00 | NOTE | |||
r-release-windows-x86_64 | 1.1.1 | 49.00 | 163.00 | 212.00 | NOTE | |
r-oldrel-macos-arm64 | 1.1.1 | 49.00 | NOTE | |||
r-oldrel-macos-x86_64 | 1.1.1 | 91.00 | NOTE | |||
r-oldrel-windows-ix86+x86_64 | 1.1.1 | 11.00 | 158.00 | 169.00 | NOTE |
Version: 1.1.1
Check: LazyData
Result: NOTE
'LazyData' is specified without a 'data' directory
Flavors: r-devel-linux-x86_64-debian-clang, r-devel-linux-x86_64-debian-gcc, r-devel-linux-x86_64-fedora-clang, r-devel-linux-x86_64-fedora-gcc, r-patched-linux-x86_64, r-release-linux-x86_64, r-release-macos-arm64, r-release-macos-x86_64, r-release-windows-x86_64, r-oldrel-macos-arm64, r-oldrel-macos-x86_64, r-oldrel-windows-ix86+x86_64
Version: 1.1.1
Check: dependencies in R code
Result: NOTE
Namespace in Imports field not imported from: ‘urca’
All declared Imports should be used.
Flavors: r-devel-linux-x86_64-fedora-clang, r-devel-linux-x86_64-fedora-gcc, r-release-macos-arm64, r-release-macos-x86_64, r-oldrel-macos-arm64, r-oldrel-macos-x86_64
Version: 1.1.1
Check: dependencies in R code
Result: NOTE
Initiating curl with CURL_SSL_BACKEND: openssl
Flavor: r-oldrel-windows-ix86+x86_64