CRAN Package Check Results for Package memery

Last updated on 2022-01-22 12:56:20 CET.

Flavor Version Tinstall Tcheck Ttotal Status Flags
r-devel-linux-x86_64-debian-clang 0.5.6 3.13 38.35 41.48 NOTE
r-devel-linux-x86_64-debian-gcc 0.5.6 2.41 29.22 31.63 NOTE
r-devel-linux-x86_64-fedora-clang 0.5.6 49.67 NOTE
r-devel-linux-x86_64-fedora-gcc 0.5.6 37.98 NOTE
r-devel-windows-x86_64-new-UL 0.5.6 23.00 59.00 82.00 NOTE
r-devel-windows-x86_64-new-TK 0.5.6 NOTE
r-patched-linux-x86_64 0.5.6 2.83 35.89 38.72 NOTE
r-release-linux-x86_64 0.5.6 2.41 35.68 38.09 NOTE
r-release-macos-arm64 0.5.6 NOTE
r-release-macos-x86_64 0.5.6 NOTE
r-release-windows-ix86+x86_64 0.5.6 8.00 46.00 54.00 NOTE
r-oldrel-macos-x86_64 0.5.6 NOTE
r-oldrel-windows-ix86+x86_64 0.5.6 7.00 47.00 54.00 OK

Check Details

Version: 0.5.6
Check: LazyData
Result: NOTE
     'LazyData' is specified without a 'data' directory
Flavors: r-devel-linux-x86_64-debian-clang, r-devel-linux-x86_64-debian-gcc, r-devel-linux-x86_64-fedora-clang, r-devel-linux-x86_64-fedora-gcc, r-devel-windows-x86_64-new-UL, r-devel-windows-x86_64-new-TK, r-patched-linux-x86_64, r-release-linux-x86_64, r-release-macos-arm64, r-release-macos-x86_64, r-release-windows-ix86+x86_64

Version: 0.5.6
Check: dependencies in R code
Result: NOTE
    Namespaces in Imports field not imported from:
     ‘colourpicker’ ‘shinyBS’ ‘shinycssloaders’
     All declared Imports should be used.
Flavors: r-devel-linux-x86_64-fedora-clang, r-devel-linux-x86_64-fedora-gcc, r-devel-windows-x86_64-new-TK, r-release-macos-arm64, r-release-macos-x86_64, r-oldrel-macos-x86_64