CRAN Package Check Results for Package meboot

Last updated on 2022-01-24 12:52:15 CET.

Flavor Version Tinstall Tcheck Ttotal Status Flags
r-devel-linux-x86_64-debian-clang 1.4-9.2 4.59 171.25 175.84 OK
r-devel-linux-x86_64-debian-gcc 1.4-9.2 3.58 126.29 129.87 OK
r-devel-linux-x86_64-fedora-clang 1.4-9.2 203.79 OK
r-devel-linux-x86_64-fedora-gcc 1.4-9.2 196.24 OK
r-devel-windows-x86_64-new-UL 1.4-9.2 21.00 200.00 221.00 OK
r-devel-windows-x86_64-new-TK 1.4-9.2 ERROR
r-patched-linux-x86_64 1.4-9.2 4.83 162.05 166.88 OK
r-release-linux-x86_64 1.4-9.2 3.72 161.11 164.83 OK
r-release-macos-arm64 1.4-9.2 OK
r-release-macos-x86_64 1.4-9.2 OK
r-release-windows-ix86+x86_64 1.4-9.2 14.00 208.00 222.00 OK
r-oldrel-macos-x86_64 1.4-9.2 OK
r-oldrel-windows-ix86+x86_64 1.4-9.2 15.00 209.00 224.00 OK

Check Details

Version: 1.4-9.2
Check: package dependencies
Result: ERROR
    Package required but not available: 'dynlm'
    
    Package suggested but not available for checking: 'car'
    
    See section 'The DESCRIPTION file' in the 'Writing R Extensions'
    manual.
Flavor: r-devel-windows-x86_64-new-TK