Last updated on 2022-06-27 21:51:23 CEST.
Flavor | Version | Tinstall | Tcheck | Ttotal | Status | Flags |
---|---|---|---|---|---|---|
r-devel-linux-x86_64-debian-clang | 0.5 | 12.05 | 97.20 | 109.25 | NOTE | |
r-devel-linux-x86_64-debian-gcc | 0.5 | 8.33 | 72.55 | 80.88 | NOTE | |
r-devel-linux-x86_64-fedora-clang | 0.5 | 135.88 | NOTE | |||
r-devel-linux-x86_64-fedora-gcc | 0.5 | 137.29 | NOTE | |||
r-devel-windows-x86_64 | 0.5 | 29.00 | 119.00 | 148.00 | NOTE | |
r-patched-linux-x86_64 | 0.5 | 12.87 | 91.92 | 104.79 | NOTE | |
r-release-linux-x86_64 | 0.5 | 10.42 | 91.88 | 102.30 | NOTE | |
r-release-macos-arm64 | 0.5 | 38.00 | NOTE | |||
r-release-macos-x86_64 | 0.5 | 55.00 | NOTE | |||
r-release-windows-x86_64 | 0.5 | 20.00 | 119.00 | 139.00 | NOTE | |
r-oldrel-macos-arm64 | 0.5 | 49.00 | NOTE | |||
r-oldrel-macos-x86_64 | 0.5 | 78.00 | NOTE | |||
r-oldrel-windows-ix86+x86_64 | 0.5 | 22.00 | 125.00 | 147.00 | NOTE |
Version: 0.5
Check: LazyData
Result: NOTE
'LazyData' is specified without a 'data' directory
Flavors: r-devel-linux-x86_64-debian-clang, r-devel-linux-x86_64-debian-gcc, r-devel-linux-x86_64-fedora-clang, r-devel-linux-x86_64-fedora-gcc, r-devel-windows-x86_64, r-patched-linux-x86_64, r-release-linux-x86_64, r-release-macos-arm64, r-release-macos-x86_64, r-release-windows-x86_64, r-oldrel-macos-arm64, r-oldrel-macos-x86_64, r-oldrel-windows-ix86+x86_64