CRAN Package Check Results for Package mdthemes

Last updated on 2022-06-28 21:51:25 CEST.

Flavor Version Tinstall Tcheck Ttotal Status Flags
r-devel-linux-x86_64-debian-clang 0.1.0 2.30 29.00 31.30 NOTE
r-devel-linux-x86_64-debian-gcc 0.1.0 1.77 22.96 24.73 NOTE
r-devel-linux-x86_64-fedora-clang 0.1.0 48.73 NOTE
r-devel-linux-x86_64-fedora-gcc 0.1.0 47.56 NOTE
r-devel-windows-x86_64 0.1.0 23.00 54.00 77.00 NOTE
r-patched-linux-x86_64 0.1.0 2.51 27.96 30.47 NOTE
r-release-linux-x86_64 0.1.0 2.49 27.73 30.22 NOTE
r-release-macos-arm64 0.1.0 17.00 NOTE
r-release-macos-x86_64 0.1.0 29.00 NOTE
r-release-windows-x86_64 0.1.0 23.00 55.00 78.00 NOTE
r-oldrel-macos-arm64 0.1.0 19.00 NOTE
r-oldrel-macos-x86_64 0.1.0 32.00 NOTE
r-oldrel-windows-ix86+x86_64 0.1.0 8.00 49.00 57.00 NOTE

Check Details

Version: 0.1.0
Check: LazyData
Result: NOTE
     'LazyData' is specified without a 'data' directory
Flavors: r-devel-linux-x86_64-debian-clang, r-devel-linux-x86_64-debian-gcc, r-devel-linux-x86_64-fedora-clang, r-devel-linux-x86_64-fedora-gcc, r-devel-windows-x86_64, r-patched-linux-x86_64, r-release-linux-x86_64, r-release-macos-arm64, r-release-macos-x86_64, r-release-windows-x86_64, r-oldrel-macos-arm64, r-oldrel-macos-x86_64, r-oldrel-windows-ix86+x86_64