CRAN Package Check Results for Package mdsOpt

Last updated on 2020-08-11 21:48:31 CEST.

Flavor Version Tinstall Tcheck Ttotal Status Flags
r-devel-linux-x86_64-debian-clang 0.5-1 25.78 224.92 250.70 OK
r-devel-linux-x86_64-debian-gcc 0.5-1 0.34 2.15 2.49 ERROR
r-devel-linux-x86_64-fedora-clang 0.5-1 307.66 OK
r-devel-linux-x86_64-fedora-gcc 0.5-1 297.27 OK
r-devel-windows-ix86+x86_64 0.5-1 75.00 429.00 504.00 OK
r-patched-linux-x86_64 0.5-1 21.67 216.84 238.51 OK
r-patched-solaris-x86 0.5-1 480.90 OK
r-release-linux-x86_64 0.5-1 0.40 2.89 3.29 ERROR
r-release-macos-x86_64 0.5-1 OK
r-release-windows-ix86+x86_64 0.5-1 112.00 357.00 469.00 OK
r-oldrel-macos-x86_64 0.5-1 WARN
r-oldrel-windows-ix86+x86_64 0.5-1 61.00 245.00 306.00 OK

Check Details

Version: 0.5-1
Check: package dependencies
Result: ERROR
    Package required but not available: ‘smacof’
    
    See section ‘The DESCRIPTION file’ in the ‘Writing R Extensions’
    manual.
Flavors: r-devel-linux-x86_64-debian-gcc, r-release-linux-x86_64

Version: 0.5-1
Check: whether package can be installed
Result: WARN
    Found the following significant warnings:
     Warning: 'rgl.init' failed, running with 'rgl.useNULL = TRUE'.
Flavor: r-oldrel-macos-x86_64