Last updated on 2023-03-23 03:53:25 CET.
Flavor | Version | Tinstall | Tcheck | Ttotal | Status | Flags |
---|---|---|---|---|---|---|
r-devel-linux-x86_64-debian-clang | 0.0.4 | 2.96 | 32.89 | 35.85 | NOTE | |
r-devel-linux-x86_64-debian-gcc | 0.0.4 | 2.55 | 26.06 | 28.61 | NOTE | |
r-devel-linux-x86_64-fedora-clang | 0.0.4 | 48.98 | NOTE | |||
r-devel-linux-x86_64-fedora-gcc | 0.0.4 | 44.51 | NOTE | |||
r-patched-linux-x86_64 | 0.0.4 | 3.24 | 33.65 | 36.89 | NOTE | |
r-release-linux-x86_64 | 0.0.4 | 3.26 | 32.88 | 36.14 | NOTE | |
r-release-macos-arm64 | 0.0.4 | 17.00 | NOTE | |||
r-release-macos-x86_64 | 0.0.4 | 22.00 | NOTE | |||
r-release-windows-x86_64 | 0.0.4 | 26.00 | 82.00 | 108.00 | NOTE | |
r-oldrel-macos-arm64 | 0.0.4 | 22.00 | NOTE | |||
r-oldrel-macos-x86_64 | 0.0.4 | 32.00 | NOTE | |||
r-oldrel-windows-ix86+x86_64 | 0.0.4 | 7.00 | 60.00 | 67.00 | NOTE |
Version: 0.0.4
Check: package dependencies
Result: NOTE
Package suggested but not available for checking: ‘RGtk2’
Flavors: r-devel-linux-x86_64-debian-clang, r-devel-linux-x86_64-debian-gcc, r-devel-linux-x86_64-fedora-clang, r-devel-linux-x86_64-fedora-gcc, r-patched-linux-x86_64, r-release-linux-x86_64, r-release-macos-arm64, r-release-macos-x86_64, r-oldrel-macos-arm64
Version: 0.0.4
Check: LazyData
Result: NOTE
'LazyData' is specified without a 'data' directory
Flavors: r-devel-linux-x86_64-debian-clang, r-devel-linux-x86_64-debian-gcc, r-devel-linux-x86_64-fedora-clang, r-devel-linux-x86_64-fedora-gcc, r-patched-linux-x86_64, r-release-linux-x86_64, r-release-macos-arm64, r-release-macos-x86_64, r-release-windows-x86_64, r-oldrel-macos-arm64, r-oldrel-macos-x86_64, r-oldrel-windows-ix86+x86_64