CRAN Package Check Results for Package md4r

Last updated on 2024-06-12 21:49:52 CEST.

Flavor Version Tinstall Tcheck Ttotal Status Flags
r-devel-linux-x86_64-debian-clang 0.5.2.0 44.69 130.39 175.08 OK
r-devel-linux-x86_64-debian-gcc 0.5.2.0 0.43 1.55 1.98 ERROR
r-devel-linux-x86_64-fedora-clang 0.5.2.0 226.81 OK
r-devel-linux-x86_64-fedora-gcc 0.5.2.0 212.86 OK
r-devel-windows-x86_64 0.5.2.0 37.00 131.00 168.00 OK
r-patched-linux-x86_64 0.5.2.0 39.85 121.55 161.40 OK
r-release-linux-x86_64 0.5.2.0 39.91 121.29 161.20 OK
r-release-macos-arm64 0.5.2.0 54.00 OK
r-release-macos-x86_64 0.5.2.0 92.00 OK
r-release-windows-x86_64 0.5.2.0 38.00 133.00 171.00 OK
r-oldrel-macos-arm64 0.5.2.0 62.00 OK
r-oldrel-macos-x86_64 0.5.2.0 109.00 OK
r-oldrel-windows-x86_64 0.5.2.0 45.00 157.00 202.00 OK

Check Details

Version: 0.5.2.0
Check: package dependencies
Result: ERROR Packages required but not available: 'tibble', 'purrr', 'stringr' Package suggested but not available for checking: ‘testthat’ See section ‘The DESCRIPTION file’ in the ‘Writing R Extensions’ manual. Flavor: r-devel-linux-x86_64-debian-gcc