Last updated on 2023-01-30 04:52:26 CET.
Flavor | Version | Tinstall | Tcheck | Ttotal | Status | Flags |
---|---|---|---|---|---|---|
r-devel-linux-x86_64-debian-clang | 1.5-0 | 135.96 | 57.25 | 193.21 | OK | |
r-devel-linux-x86_64-debian-gcc | 1.5-0 | 104.95 | 43.99 | 148.94 | NOTE | |
r-devel-linux-x86_64-fedora-clang | 1.5-0 | 301.25 | NOTE | |||
r-devel-linux-x86_64-fedora-gcc | 1.5-0 | 288.45 | NOTE | |||
r-devel-windows-x86_64 | 1.5-0 | 245.00 | 120.00 | 365.00 | NOTE | |
r-patched-linux-x86_64 | 1.5-0 | 125.28 | 55.56 | 180.84 | OK | |
r-release-linux-x86_64 | 1.5-0 | 94.22 | 55.36 | 149.58 | OK | |
r-release-macos-arm64 | 1.5-0 | 68.00 | OK | |||
r-release-macos-x86_64 | 1.5-0 | 125.00 | OK | |||
r-release-windows-x86_64 | 1.5-0 | 111.00 | 122.00 | 233.00 | OK | |
r-oldrel-macos-arm64 | 1.5-0 | 84.00 | NOTE | |||
r-oldrel-macos-x86_64 | 1.5-0 | 80.00 | OK | |||
r-oldrel-windows-ix86+x86_64 | 1.5-0 | 360.00 | 119.00 | 479.00 | OK |
Version: 1.5-0
Check: C++ specification
Result: NOTE
Specified C++11: please update to current default of C++17
Flavors: r-devel-linux-x86_64-debian-gcc, r-devel-linux-x86_64-fedora-clang, r-devel-linux-x86_64-fedora-gcc, r-devel-windows-x86_64
Version: 1.5-0
Check: installed package size
Result: NOTE
installed size is 5.4Mb
sub-directories of 1Mb or more:
libs 5.0Mb
Flavor: r-oldrel-macos-arm64