CRAN Package Check Results for Package mcmcse

Last updated on 2022-07-02 12:53:07 CEST.

Flavor Version Tinstall Tcheck Ttotal Status Flags
r-devel-linux-x86_64-debian-clang 1.5-0 139.62 58.03 197.65 OK
r-devel-linux-x86_64-debian-gcc 1.5-0 115.84 44.20 160.04 OK
r-devel-linux-x86_64-fedora-clang 1.5-0 300.33 OK
r-devel-linux-x86_64-fedora-gcc 1.5-0 266.90 OK
r-devel-windows-x86_64 1.5-0 109.00 109.00 218.00 OK
r-patched-linux-x86_64 1.5-0 121.97 54.87 176.84 OK
r-release-linux-x86_64 1.5-0 97.12 55.23 152.35 OK
r-release-macos-arm64 1.5-0 68.00 OK
r-release-macos-x86_64 1.5-0 125.00 OK
r-release-windows-x86_64 1.5-0 123.00 115.00 238.00 OK
r-oldrel-macos-arm64 1.5-0 84.00 NOTE
r-oldrel-macos-x86_64 1.5-0 80.00 OK
r-oldrel-windows-ix86+x86_64 1.5-0 350.00 112.00 462.00 OK

Check Details

Version: 1.5-0
Check: installed package size
Result: NOTE
     installed size is 5.4Mb
     sub-directories of 1Mb or more:
     libs 5.0Mb
Flavor: r-oldrel-macos-arm64