Last updated on 2022-05-28 21:50:44 CEST.
Flavor | Version | Tinstall | Tcheck | Ttotal | Status | Flags |
---|---|---|---|---|---|---|
r-devel-linux-x86_64-debian-clang | 0.4.3 | 4.33 | 54.59 | 58.92 | NOTE | |
r-devel-linux-x86_64-debian-gcc | 0.4.3 | 3.18 | 41.76 | 44.94 | NOTE | |
r-devel-linux-x86_64-fedora-clang | 0.4.3 | 71.64 | NOTE | |||
r-devel-linux-x86_64-fedora-gcc | 0.4.3 | 58.31 | NOTE | |||
r-devel-windows-x86_64 | 0.4.3 | 24.00 | 75.00 | 99.00 | NOTE | |
r-patched-linux-x86_64 | 0.4.3 | 5.56 | 50.71 | 56.27 | NOTE | |
r-release-linux-x86_64 | 0.4.3 | 4.00 | 50.99 | 54.99 | NOTE | |
r-release-macos-arm64 | 0.4.3 | 20.00 | NOTE | |||
r-release-macos-x86_64 | 0.4.3 | 31.00 | NOTE | |||
r-release-windows-x86_64 | 0.4.3 | 29.00 | 80.00 | 109.00 | NOTE | |
r-oldrel-macos-arm64 | 0.4.3 | 23.00 | NOTE | |||
r-oldrel-macos-x86_64 | 0.4.3 | 41.00 | NOTE | |||
r-oldrel-windows-ix86+x86_64 | 0.4.3 | 9.00 | 65.00 | 74.00 | NOTE |
Version: 0.4.3
Check: LazyData
Result: NOTE
'LazyData' is specified without a 'data' directory
Flavors: r-devel-linux-x86_64-debian-clang, r-devel-linux-x86_64-debian-gcc, r-devel-linux-x86_64-fedora-clang, r-devel-linux-x86_64-fedora-gcc, r-devel-windows-x86_64, r-patched-linux-x86_64, r-release-linux-x86_64, r-release-macos-arm64, r-release-macos-x86_64, r-release-windows-x86_64, r-oldrel-macos-arm64, r-oldrel-macos-x86_64, r-oldrel-windows-ix86+x86_64