CRAN Package Check Results for Package mclust

Last updated on 2022-01-26 03:54:26 CET.

Flavor Version Tinstall Tcheck Ttotal Status Flags
r-devel-linux-x86_64-debian-clang 5.4.9 41.77 254.64 296.41 OK
r-devel-linux-x86_64-debian-gcc 5.4.9 30.46 179.56 210.02 OK
r-devel-linux-x86_64-fedora-clang 5.4.9 360.12 NOTE
r-devel-linux-x86_64-fedora-gcc 5.4.9 346.38 OK
r-devel-windows-x86_64-new-UL 5.4.9 150.00 322.00 472.00 NOTE
r-devel-windows-x86_64-new-TK 5.4.9 OK
r-patched-linux-x86_64 5.4.9 41.16 246.85 288.01 OK
r-release-linux-x86_64 5.4.9 40.02 248.14 288.16 OK
r-release-macos-arm64 5.4.9 NOTE
r-release-macos-x86_64 5.4.9 NOTE
r-release-windows-ix86+x86_64 5.4.9 79.00 440.00 519.00 NOTE
r-oldrel-macos-x86_64 5.4.9 NOTE
r-oldrel-windows-ix86+x86_64 5.4.9 77.00 440.00 517.00 NOTE

Check Details

Version: 5.4.9
Check: installed package size
Result: NOTE
     installed size is 5.7Mb
     sub-directories of 1Mb or more:
     doc 2.9Mb
Flavors: r-devel-linux-x86_64-fedora-clang, r-devel-windows-x86_64-new-UL, r-release-macos-arm64, r-release-macos-x86_64, r-release-windows-ix86+x86_64, r-oldrel-macos-x86_64, r-oldrel-windows-ix86+x86_64