Last updated on 2025-07-23 21:51:50 CEST.
Flavor | Version | Tinstall | Tcheck | Ttotal | Status | Flags |
---|---|---|---|---|---|---|
r-devel-linux-x86_64-debian-clang | 0.1.15 | 9.86 | 109.20 | 119.06 | NOTE | |
r-devel-linux-x86_64-debian-gcc | 0.1.15 | 6.90 | 77.17 | 84.07 | NOTE | |
r-devel-linux-x86_64-fedora-clang | 0.1.15 | 183.20 | NOTE | |||
r-devel-linux-x86_64-fedora-gcc | 0.1.15 | 189.47 | NOTE | |||
r-devel-windows-x86_64 | 0.1.15 | 11.00 | 106.00 | 117.00 | OK | |
r-patched-linux-x86_64 | 0.1.15 | 8.60 | 101.88 | 110.48 | OK | |
r-release-linux-x86_64 | 0.1.15 | 8.20 | 102.83 | 111.03 | OK | |
r-release-macos-arm64 | 0.1.15 | 63.00 | OK | |||
r-release-macos-x86_64 | 0.1.15 | 96.00 | OK | |||
r-release-windows-x86_64 | 0.1.15 | 11.00 | 111.00 | 122.00 | OK | |
r-oldrel-macos-arm64 | 0.1.15 | 50.00 | OK | |||
r-oldrel-macos-x86_64 | 0.1.15 | 78.00 | OK | |||
r-oldrel-windows-x86_64 | 0.1.15 | 14.00 | 141.00 | 155.00 | OK |
Version: 0.1.15
Check: CRAN incoming feasibility
Result: NOTE
Maintainer: ‘Heming Deng<dheming@ruc.edu.cn>’
No Authors@R field in DESCRIPTION.
Please add one, modifying
Authors@R: c(person(given = "Yang",
family = "Li",
role = "aut"),
person(given = "Yichen",
family = "Qin",
role = "aut"),
person(given = "Heming",
family = "Deng",
role = c("aut", "cre"),
email = "dheming@ruc.edu.cn"))
as necessary.
Flavors: r-devel-linux-x86_64-debian-clang, r-devel-linux-x86_64-debian-gcc
Version: 0.1.15
Check: dependencies in R code
Result: NOTE
Namespaces in Imports field not imported from:
‘MASS’ ‘lars’ ‘methods’ ‘parallel’ ‘smoothmest’
All declared Imports should be used.
Flavors: r-devel-linux-x86_64-fedora-clang, r-devel-linux-x86_64-fedora-gcc