CRAN Package Check Results for Package mcb

Last updated on 2024-02-24 12:49:22 CET.

Flavor Version Tinstall Tcheck Ttotal Status Flags
r-devel-linux-x86_64-debian-clang 0.1.15 11.34 131.66 143.00 OK
r-devel-linux-x86_64-debian-gcc 0.1.15 9.11 97.59 106.70 OK
r-devel-linux-x86_64-fedora-clang 0.1.15 175.35 NOTE
r-devel-linux-x86_64-fedora-gcc 0.1.15 168.58 NOTE
r-devel-windows-x86_64 0.1.15 12.00 103.00 115.00 OK
r-patched-linux-x86_64 0.1.15 12.23 128.43 140.66 OK
r-release-linux-x86_64 0.1.15 10.87 127.19 138.06 OK
r-release-macos-arm64 0.1.15 53.00 OK
r-release-macos-x86_64 0.1.15 101.00 OK
r-release-windows-x86_64 0.1.15 16.00 128.00 144.00 OK
r-oldrel-macos-arm64 0.1.15 50.00 NOTE
r-oldrel-windows-x86_64 0.1.15 14.00 138.00 152.00 OK

Check Details

Version: 0.1.15
Check: dependencies in R code
Result: NOTE Namespaces in Imports field not imported from: ‘MASS’ ‘lars’ ‘methods’ ‘parallel’ ‘smoothmest’ All declared Imports should be used. Flavors: r-devel-linux-x86_64-fedora-clang, r-devel-linux-x86_64-fedora-gcc, r-oldrel-macos-arm64