CRAN Package Check Results for Package mbend

Last updated on 2021-12-03 21:50:35 CET.

Flavor Version Tinstall Tcheck Ttotal Status Flags
r-devel-linux-x86_64-debian-clang 1.3.1 2.05 24.79 26.84 NOTE
r-devel-linux-x86_64-debian-gcc 1.3.1 1.57 19.52 21.09 NOTE
r-devel-linux-x86_64-fedora-clang 1.3.1 44.17 NOTE
r-devel-linux-x86_64-fedora-gcc 1.3.1 32.93 NOTE
r-devel-windows-x86_64-new-UL 1.3.1 5.00 64.00 69.00 NOTE
r-devel-windows-x86_64-new-TK 1.3.1 NOTE
r-devel-windows-x86_64-old 1.3.1 5.00 33.00 38.00 NOTE
r-patched-linux-x86_64 1.3.1 1.64 23.30 24.94 NOTE
r-release-linux-x86_64 1.3.1 1.93 22.87 24.80 NOTE
r-release-macos-arm64 1.3.1 NOTE
r-release-macos-x86_64 1.3.1 NOTE
r-release-windows-ix86+x86_64 1.3.1 6.00 42.00 48.00 NOTE
r-oldrel-macos-x86_64 1.3.1 OK
r-oldrel-windows-ix86+x86_64 1.3.1 5.00 43.00 48.00 OK

Check Details

Version: 1.3.1
Check: LazyData
Result: NOTE
     'LazyData' is specified without a 'data' directory
Flavors: r-devel-linux-x86_64-debian-clang, r-devel-linux-x86_64-debian-gcc, r-devel-linux-x86_64-fedora-clang, r-devel-linux-x86_64-fedora-gcc, r-devel-windows-x86_64-new-UL, r-devel-windows-x86_64-new-TK, r-devel-windows-x86_64-old, r-patched-linux-x86_64, r-release-linux-x86_64, r-release-macos-arm64, r-release-macos-x86_64, r-release-windows-ix86+x86_64