Last updated on 2025-02-01 21:49:17 CET.
Flavor | Version | Tinstall | Tcheck | Ttotal | Status | Flags |
---|---|---|---|---|---|---|
r-devel-linux-x86_64-debian-clang | 2.0.0 | 3.15 | 33.31 | 36.46 | OK | |
r-devel-linux-x86_64-debian-gcc | 2.0.0 | 2.08 | 23.48 | 25.56 | OK | |
r-devel-linux-x86_64-fedora-clang | 2.0.0 | 61.12 | OK | |||
r-devel-linux-x86_64-fedora-gcc | 2.0.0 | 56.62 | OK | |||
r-devel-windows-x86_64 | 2.0.0 | 4.00 | 56.00 | 60.00 | OK | |
r-patched-linux-x86_64 | 2.0.0 | 2.62 | 31.17 | 33.79 | NOTE | |
r-release-linux-x86_64 | 2.0.0 | 2.84 | 31.11 | 33.95 | NOTE | |
r-release-macos-arm64 | 2.0.0 | 19.00 | NOTE | |||
r-release-macos-x86_64 | 2.0.0 | 29.00 | NOTE | |||
r-release-windows-x86_64 | 2.0.0 | 4.00 | 50.00 | 54.00 | NOTE | |
r-oldrel-macos-arm64 | 2.0.0 | 19.00 | NOTE | |||
r-oldrel-macos-x86_64 | 2.0.0 | 31.00 | NOTE | |||
r-oldrel-windows-x86_64 | 2.0.0 | 5.00 | 56.00 | 61.00 | NOTE |
Version: 2.0.0
Check: LazyData
Result: NOTE
'LazyData' is specified without a 'data' directory
Flavors: r-patched-linux-x86_64, r-release-linux-x86_64, r-release-macos-arm64, r-release-macos-x86_64, r-release-windows-x86_64, r-oldrel-macos-arm64, r-oldrel-macos-x86_64, r-oldrel-windows-x86_64