CRAN Package Check Results for Package matrixprofiler

Last updated on 2022-01-20 20:50:39 CET.

Flavor Version Tinstall Tcheck Ttotal Status Flags
r-devel-linux-x86_64-debian-clang 0.1.7 NOTE
r-devel-linux-x86_64-debian-gcc 0.1.7 91.03 36.56 127.59 NOTE
r-devel-linux-x86_64-fedora-clang 0.1.7 242.82 NOTE
r-devel-linux-x86_64-fedora-gcc 0.1.7 215.12 NOTE
r-devel-windows-x86_64-new-UL 0.1.7 199.00 91.00 290.00 NOTE
r-devel-windows-x86_64-new-TK 0.1.7 NOTE
r-patched-linux-x86_64 0.1.7 112.57 45.33 157.90 NOTE
r-release-linux-x86_64 0.1.7 105.08 46.46 151.54 NOTE
r-release-macos-arm64 0.1.7 NOTE
r-release-macos-x86_64 0.1.7 NOTE
r-release-windows-ix86+x86_64 0.1.7 277.00 89.00 366.00 NOTE
r-oldrel-macos-x86_64 0.1.7 NOTE
r-oldrel-windows-ix86+x86_64 0.1.7 278.00 88.00 366.00 NOTE

Check Details

Version: 0.1.7
Check: for GNU extensions in Makefiles
Result: NOTE
    GNU make is a SystemRequirements.
Flavors: r-devel-linux-x86_64-debian-clang, r-devel-linux-x86_64-debian-gcc, r-devel-linux-x86_64-fedora-clang, r-devel-linux-x86_64-fedora-gcc, r-devel-windows-x86_64-new-UL, r-devel-windows-x86_64-new-TK, r-patched-linux-x86_64, r-release-linux-x86_64, r-release-macos-arm64, r-release-macos-x86_64, r-release-windows-ix86+x86_64, r-oldrel-macos-x86_64, r-oldrel-windows-ix86+x86_64

Version: 0.1.7
Check: installed package size
Result: NOTE
     installed size is 7.4Mb
     sub-directories of 1Mb or more:
     libs 7.2Mb
Flavors: r-devel-linux-x86_64-fedora-clang, r-release-macos-arm64, r-release-macos-x86_64, r-oldrel-macos-x86_64