Last updated on 2025-02-22 12:50:38 CET.
Flavor | Version | Tinstall | Tcheck | Ttotal | Status | Flags |
---|---|---|---|---|---|---|
r-devel-linux-x86_64-debian-clang | 0.1.9 | 83.48 | 30.87 | 114.35 | NOTE | |
r-devel-linux-x86_64-debian-gcc | 0.1.9 | 74.38 | 23.35 | 97.73 | NOTE | |
r-devel-linux-x86_64-fedora-clang | 0.1.9 | 207.83 | NOTE | |||
r-devel-linux-x86_64-fedora-gcc | 0.1.9 | 271.44 | NOTE | |||
r-devel-macos-arm64 | 0.1.9 | 50.00 | NOTE | |||
r-devel-macos-x86_64 | 0.1.9 | 61.00 | NOTE | |||
r-devel-windows-x86_64 | 0.1.9 | 92.00 | 76.00 | 168.00 | NOTE | |
r-patched-linux-x86_64 | 0.1.9 | 93.57 | 28.96 | 122.53 | NOTE | |
r-release-linux-x86_64 | 0.1.9 | 95.53 | 29.37 | 124.90 | NOTE | |
r-release-macos-arm64 | 0.1.9 | 34.00 | NOTE | |||
r-release-macos-x86_64 | 0.1.9 | 37.00 | NOTE | |||
r-release-windows-x86_64 | 0.1.9 | 90.00 | 71.00 | 161.00 | NOTE | |
r-oldrel-macos-arm64 | 0.1.9 | 75.00 | NOTE | |||
r-oldrel-macos-x86_64 | 0.1.9 | 111.00 | NOTE | |||
r-oldrel-windows-x86_64 | 0.1.9 | 87.00 | 87.00 | 174.00 | NOTE |
Version: 0.1.9
Check: C++ specification
Result: NOTE
Specified C++11: please drop specification unless essential
Flavors: r-devel-linux-x86_64-debian-clang, r-devel-linux-x86_64-debian-gcc, r-devel-linux-x86_64-fedora-clang, r-devel-linux-x86_64-fedora-gcc, r-devel-macos-arm64, r-devel-macos-x86_64, r-devel-windows-x86_64, r-patched-linux-x86_64, r-release-linux-x86_64, r-release-macos-arm64, r-release-macos-x86_64, r-release-windows-x86_64, r-oldrel-macos-arm64, r-oldrel-macos-x86_64, r-oldrel-windows-x86_64
Version: 0.1.9
Check: for GNU extensions in Makefiles
Result: NOTE
GNU make is a SystemRequirements.
Flavors: r-patched-linux-x86_64, r-release-linux-x86_64, r-release-macos-arm64, r-release-macos-x86_64, r-release-windows-x86_64, r-oldrel-macos-arm64, r-oldrel-macos-x86_64, r-oldrel-windows-x86_64
Version: 0.1.9
Check: installed package size
Result: NOTE
installed size is 9.0Mb
sub-directories of 1Mb or more:
libs 8.8Mb
Flavors: r-release-macos-arm64, r-release-macos-x86_64, r-oldrel-macos-arm64, r-oldrel-macos-x86_64