Last updated on 2024-04-19 21:56:33 CEST.
Flavor | Version | Tinstall | Tcheck | Ttotal | Status | Flags |
---|---|---|---|---|---|---|
r-devel-linux-x86_64-debian-clang | 0.1.9 | 138.13 | 38.82 | 176.95 | NOTE | |
r-devel-linux-x86_64-debian-gcc | 0.1.9 | NOTE | ||||
r-devel-linux-x86_64-fedora-clang | 0.1.9 | 274.94 | NOTE | |||
r-devel-linux-x86_64-fedora-gcc | 0.1.9 | 287.54 | NOTE | |||
r-prerel-macos-arm64 | 0.1.9 | 54.00 | NOTE | |||
r-prerel-windows-x86_64 | 0.1.9 | 122.00 | 74.00 | 196.00 | NOTE | |
r-patched-linux-x86_64 | 0.1.9 | 139.06 | 36.66 | 175.72 | NOTE | |
r-release-linux-x86_64 | 0.1.9 | 151.12 | 36.65 | 187.77 | NOTE | |
r-release-macos-arm64 | 0.1.9 | 75.00 | NOTE | |||
r-release-macos-x86_64 | 0.1.9 | 111.00 | NOTE | |||
r-release-windows-x86_64 | 0.1.9 | 135.00 | 86.00 | 221.00 | NOTE | |
r-oldrel-macos-arm64 | 0.1.9 | 70.00 | NOTE | |||
r-oldrel-windows-x86_64 | 0.1.9 | 142.00 | 85.00 | 227.00 | NOTE |
Version: 0.1.9
Check: C++ specification
Result: NOTE
Specified C++11: please drop specification unless essential
Flavors: r-devel-linux-x86_64-debian-clang, r-devel-linux-x86_64-debian-gcc, r-devel-linux-x86_64-fedora-clang, r-devel-linux-x86_64-fedora-gcc, r-prerel-macos-arm64, r-prerel-windows-x86_64, r-patched-linux-x86_64, r-release-linux-x86_64, r-release-macos-arm64, r-release-macos-x86_64, r-release-windows-x86_64
Version: 0.1.9
Check: for GNU extensions in Makefiles
Result: NOTE
GNU make is a SystemRequirements.
Flavors: r-devel-linux-x86_64-debian-clang, r-devel-linux-x86_64-debian-gcc, r-devel-linux-x86_64-fedora-clang, r-devel-linux-x86_64-fedora-gcc, r-prerel-macos-arm64, r-prerel-windows-x86_64, r-patched-linux-x86_64, r-release-linux-x86_64, r-release-macos-arm64, r-release-macos-x86_64, r-release-windows-x86_64, r-oldrel-macos-arm64, r-oldrel-windows-x86_64
Version: 0.1.9
Check: installed package size
Result: NOTE
installed size is 8.3Mb
sub-directories of 1Mb or more:
libs 8.1Mb
Flavors: r-prerel-macos-arm64, r-release-macos-arm64, r-release-macos-x86_64, r-oldrel-macos-arm64