Last updated on 2024-04-26 12:54:40 CEST.
Flavor | Version | Tinstall | Tcheck | Ttotal | Status | Flags |
---|---|---|---|---|---|---|
r-devel-linux-x86_64-debian-clang | 0.8.2 | 23.24 | 64.72 | 87.96 | NOTE | |
r-devel-linux-x86_64-debian-gcc | 0.8.2 | 17.73 | 48.57 | 66.30 | NOTE | |
r-devel-linux-x86_64-fedora-clang | 0.8.2 | 118.46 | NOTE | |||
r-devel-linux-x86_64-fedora-gcc | 0.8.2 | 124.75 | NOTE | |||
r-devel-windows-x86_64 | 0.8.2 | 22.00 | 84.00 | 106.00 | NOTE | |
r-patched-linux-x86_64 | 0.8.2 | 21.62 | 61.75 | 83.37 | NOTE | |
r-release-linux-x86_64 | 0.8.2 | 24.42 | 58.60 | 83.02 | NOTE | |
r-release-macos-arm64 | 0.8.2 | 41.00 | NOTE | |||
r-release-windows-x86_64 | 0.8.2 | 21.00 | 86.00 | 107.00 | NOTE | |
r-oldrel-macos-arm64 | 0.8.2 | 44.00 | NOTE | |||
r-oldrel-macos-x86_64 | 0.8.2 | 64.00 | NOTE | |||
r-oldrel-windows-x86_64 | 0.8.2 | 28.00 | 100.00 | 128.00 | NOTE |
Version: 0.8.2
Check: LazyData
Result: NOTE
'LazyData' is specified without a 'data' directory
Flavors: r-devel-linux-x86_64-debian-clang, r-devel-linux-x86_64-debian-gcc, r-devel-linux-x86_64-fedora-clang, r-devel-linux-x86_64-fedora-gcc, r-devel-windows-x86_64, r-patched-linux-x86_64, r-release-linux-x86_64, r-release-macos-arm64, r-release-windows-x86_64, r-oldrel-macos-arm64, r-oldrel-macos-x86_64, r-oldrel-windows-x86_64