Last updated on 2025-02-22 12:50:38 CET.
Flavor | Version | Tinstall | Tcheck | Ttotal | Status | Flags |
---|---|---|---|---|---|---|
r-devel-linux-x86_64-debian-clang | 0.8.2 | 13.92 | 51.28 | 65.20 | OK | |
r-devel-linux-x86_64-debian-gcc | 0.8.2 | 9.42 | 38.06 | 47.48 | OK | |
r-devel-linux-x86_64-fedora-clang | 0.8.2 | 105.34 | OK | |||
r-devel-linux-x86_64-fedora-gcc | 0.8.2 | 128.10 | OK | |||
r-devel-macos-arm64 | 0.8.2 | 41.00 | OK | |||
r-devel-macos-x86_64 | 0.8.2 | 77.00 | OK | |||
r-devel-windows-x86_64 | 0.8.2 | 17.00 | 85.00 | 102.00 | OK | |
r-patched-linux-x86_64 | 0.8.2 | 11.79 | 47.46 | 59.25 | NOTE | |
r-release-linux-x86_64 | 0.8.2 | 11.67 | 47.70 | 59.37 | NOTE | |
r-release-macos-arm64 | 0.8.2 | 41.00 | NOTE | |||
r-release-macos-x86_64 | 0.8.2 | 61.00 | NOTE | |||
r-release-windows-x86_64 | 0.8.2 | 18.00 | 87.00 | 105.00 | NOTE | |
r-oldrel-macos-arm64 | 0.8.2 | 44.00 | NOTE | |||
r-oldrel-macos-x86_64 | 0.8.2 | 64.00 | NOTE | |||
r-oldrel-windows-x86_64 | 0.8.2 | 20.00 | 103.00 | 123.00 | NOTE |
Version: 0.8.2
Check: LazyData
Result: NOTE
'LazyData' is specified without a 'data' directory
Flavors: r-patched-linux-x86_64, r-release-linux-x86_64, r-release-macos-arm64, r-release-macos-x86_64, r-release-windows-x86_64, r-oldrel-macos-arm64, r-oldrel-macos-x86_64, r-oldrel-windows-x86_64