Last updated on 2024-04-19 06:03:23 CEST.
Flavor | Version | Tinstall | Tcheck | Ttotal | Status | Flags |
---|---|---|---|---|---|---|
r-devel-linux-x86_64-debian-clang | 1.0-4 | 246.45 | 170.21 | 416.66 | OK | |
r-devel-linux-x86_64-debian-gcc | 1.0-4 | OK | ||||
r-devel-linux-x86_64-fedora-clang | 1.0-4 | 561.41 | NOTE | |||
r-devel-linux-x86_64-fedora-gcc | 1.0-4 | 574.78 | OK | |||
r-prerel-macos-arm64 | 1.0-4 | 112.00 | NOTE | |||
r-prerel-windows-x86_64 | 1.0-4 | 171.00 | 177.00 | 348.00 | NOTE | |
r-patched-linux-x86_64 | 1.0-4 | 237.20 | 157.18 | 394.38 | OK | |
r-release-linux-x86_64 | 1.0-4 | 229.30 | 155.74 | 385.04 | OK | |
r-release-macos-arm64 | 1.0-4 | 120.00 | NOTE | |||
r-release-macos-x86_64 | 1.0-4 | 152.00 | NOTE | |||
r-release-windows-x86_64 | 1.0-4 | 216.00 | 215.00 | 431.00 | NOTE | |
r-oldrel-macos-arm64 | 1.0-4 | 100.00 | NOTE | |||
r-oldrel-windows-x86_64 | 1.0-4 | 204.00 | 212.00 | 416.00 | NOTE |
Version: 1.0-4
Check: installed package size
Result: NOTE
installed size is 5.1Mb
sub-directories of 1Mb or more:
java 3.3Mb
Flavors: r-devel-linux-x86_64-fedora-clang, r-prerel-macos-arm64, r-prerel-windows-x86_64, r-release-macos-arm64, r-release-macos-x86_64, r-release-windows-x86_64, r-oldrel-macos-arm64, r-oldrel-windows-x86_64