Last updated on 2024-04-19 21:56:33 CEST.
Flavor | Version | Tinstall | Tcheck | Ttotal | Status | Flags |
---|---|---|---|---|---|---|
r-devel-linux-x86_64-debian-clang | 1.1.12 | 15.16 | 140.14 | 155.30 | NOTE | |
r-devel-linux-x86_64-debian-gcc | 1.1.12 | NOTE | ||||
r-devel-linux-x86_64-fedora-clang | 1.1.12 | 195.77 | NOTE | |||
r-devel-linux-x86_64-fedora-gcc | 1.1.12 | 197.86 | NOTE | |||
r-prerel-macos-arm64 | 1.1.12 | 61.00 | NOTE | |||
r-prerel-windows-x86_64 | 1.1.12 | 13.00 | 136.00 | 149.00 | NOTE | |
r-patched-linux-x86_64 | 1.1.12 | 9.05 | 135.61 | 144.66 | NOTE | |
r-release-linux-x86_64 | 1.1.12 | 11.58 | 137.05 | 148.63 | NOTE | |
r-release-macos-arm64 | 1.1.12 | 59.00 | NOTE | |||
r-release-macos-x86_64 | 1.1.12 | 165.00 | NOTE | |||
r-release-windows-x86_64 | 1.1.12 | 16.00 | 157.00 | 173.00 | NOTE | |
r-oldrel-macos-arm64 | 1.1.12 | 58.00 | NOTE | |||
r-oldrel-windows-x86_64 | 1.1.12 | 17.00 | 163.00 | 180.00 | NOTE |
Version: 1.1.12
Check: package dependencies
Result: NOTE
Package suggested but not available for checking: ‘rrelaxiv’
Flavors: r-devel-linux-x86_64-debian-clang, r-devel-linux-x86_64-debian-gcc, r-devel-linux-x86_64-fedora-clang, r-devel-linux-x86_64-fedora-gcc, r-prerel-macos-arm64, r-prerel-windows-x86_64, r-patched-linux-x86_64, r-release-linux-x86_64, r-release-macos-arm64, r-release-macos-x86_64, r-release-windows-x86_64, r-oldrel-macos-arm64, r-oldrel-windows-x86_64
Version: 1.1.12
Check: Rd files
Result: NOTE
checkRd: (-1) matchMulti-package.Rd:75: Lost braces
75 | c("\\Sexpr[results=rd,stage=build]{tools:::Rd_package_author(\"#1\")}",
| ^
checkRd: (-1) matchMulti-package.Rd:79: Lost braces
79 | c("\\Sexpr[results=rd,stage=build]{tools:::Rd_package_maintainer(\"#1\")}",
| ^
Flavors: r-devel-linux-x86_64-debian-clang, r-devel-linux-x86_64-debian-gcc, r-devel-linux-x86_64-fedora-clang, r-devel-linux-x86_64-fedora-gcc, r-prerel-macos-arm64, r-prerel-windows-x86_64, r-patched-linux-x86_64